Last updated on 2025-11-03 11:49:51 CET.
| Flavor | Version | Tinstall | Tcheck | Ttotal | Status | Flags |
|---|---|---|---|---|---|---|
| r-devel-linux-x86_64-debian-clang | 0.0.5 | 3.60 | 30.07 | 33.67 | NOTE | |
| r-devel-linux-x86_64-debian-gcc | 0.0.5 | 2.72 | 23.87 | 26.59 | NOTE | |
| r-devel-linux-x86_64-fedora-clang | 0.0.5 | 50.03 | OK | |||
| r-devel-linux-x86_64-fedora-gcc | 0.0.5 | 48.43 | OK | |||
| r-devel-windows-x86_64 | 0.0.5 | 5.00 | 52.00 | 57.00 | OK | |
| r-patched-linux-x86_64 | 0.0.5 | 3.06 | 28.83 | 31.89 | OK | |
| r-release-linux-x86_64 | 0.0.5 | 3.48 | 28.80 | 32.28 | OK | |
| r-release-macos-arm64 | 0.0.5 | 2.00 | 19.00 | 21.00 | OK | |
| r-release-macos-x86_64 | 0.0.5 | 3.00 | 30.00 | 33.00 | OK | |
| r-release-windows-x86_64 | 0.0.5 | 5.00 | 51.00 | 56.00 | OK | |
| r-oldrel-macos-arm64 | 0.0.5 | 1.00 | 18.00 | 19.00 | OK | |
| r-oldrel-macos-x86_64 | 0.0.5 | 3.00 | 28.00 | 31.00 | OK | |
| r-oldrel-windows-x86_64 | 0.0.5 | 6.00 | 59.00 | 65.00 | OK |
Version: 0.0.5
Check: CRAN incoming feasibility
Result: NOTE
Maintainer: ‘Xu Qin <xuqin@uchicago.edu>’
No Authors@R field in DESCRIPTION.
Please add one, modifying
Authors@R: c(person(given = "Xu",
family = "Qin",
role = c("aut", "cre"),
email = "xuqin@uchicago.edu"),
person(given = "Guanglei",
family = "Hong",
role = "aut"),
person(given = "Fan",
family = "Yang",
role = "aut"))
as necessary.
Flavors: r-devel-linux-x86_64-debian-clang, r-devel-linux-x86_64-debian-gcc