Last updated on 2025-11-02 17:49:50 CET.
| Flavor | Version | Tinstall | Tcheck | Ttotal | Status | Flags |
|---|---|---|---|---|---|---|
| r-devel-linux-x86_64-debian-clang | 8.1-0 | 47.03 | 309.60 | 356.63 | NOTE | |
| r-devel-linux-x86_64-debian-gcc | 8.1-0 | 29.97 | 194.07 | 224.04 | NOTE | |
| r-devel-linux-x86_64-fedora-clang | 8.1-0 | 103.00 | 446.40 | 549.40 | NOTE | |
| r-devel-linux-x86_64-fedora-gcc | 8.1-0 | 220.00 | 342.19 | 562.19 | NOTE | |
| r-devel-windows-x86_64 | 8.1-0 | 48.00 | 286.00 | 334.00 | OK | |
| r-patched-linux-x86_64 | 8.1-0 | 47.50 | 286.29 | 333.79 | OK | |
| r-release-linux-x86_64 | 8.1-0 | 43.18 | 286.51 | 329.69 | OK | |
| r-release-macos-arm64 | 8.1-0 | 19.00 | 93.00 | 112.00 | OK | |
| r-release-macos-x86_64 | 8.1-0 | 51.00 | 225.00 | 276.00 | OK | |
| r-release-windows-x86_64 | 8.1-0 | 46.00 | 289.00 | 335.00 | OK | |
| r-oldrel-macos-arm64 | 8.1-0 | 21.00 | 108.00 | 129.00 | OK | |
| r-oldrel-macos-x86_64 | 8.1-0 | 59.00 | 255.00 | 314.00 | OK | |
| r-oldrel-windows-x86_64 | 8.1-0 | 66.00 | 395.00 | 461.00 | OK |
Version: 8.1-0
Check: Rd files
Result: NOTE
checkRd: (-1) zzzrmsOverview.Rd:272-338: Only 3 columns allowed in this table (row 17 has 2)
checkRd: (-1) zzzrmsOverview.Rd:272-338: Only 3 columns allowed in this table (row 18 has 2)
Flavors: r-devel-linux-x86_64-debian-clang, r-devel-linux-x86_64-debian-gcc, r-devel-linux-x86_64-fedora-clang, r-devel-linux-x86_64-fedora-gcc