CRAN Package Check Results for Package robust2sls

Last updated on 2025-11-24 11:50:18 CET.

Flavor Version Tinstall Tcheck Ttotal Status Flags
r-devel-linux-x86_64-debian-clang 0.2.3 6.56 166.98 173.54 NOTE
r-devel-linux-x86_64-debian-gcc 0.2.3 4.08 114.28 118.36 NOTE
r-devel-linux-x86_64-fedora-clang 0.2.3 17.00 257.52 274.52 NOTE
r-devel-linux-x86_64-fedora-gcc 0.2.3 35.00 249.65 284.65 NOTE
r-devel-windows-x86_64 0.2.3 10.00 181.00 191.00 OK
r-patched-linux-x86_64 0.2.3 7.34 157.24 164.58 OK
r-release-linux-x86_64 0.2.3 5.11 156.98 162.09 OK
r-release-macos-arm64 0.2.3 OK
r-release-macos-x86_64 0.2.3 5.00 162.00 167.00 OK
r-release-windows-x86_64 0.2.3 9.00 184.00 193.00 OK
r-oldrel-macos-arm64 0.2.3 OK
r-oldrel-macos-x86_64 0.2.3 5.00 159.00 164.00 OK
r-oldrel-windows-x86_64 0.2.3 11.00 243.00 254.00 OK

Check Details

Version: 0.2.3
Check: HTML version of manual
Result: NOTE Found the following HTML validation problems: robust2sls.html:3076:1 (sumtest.Rd:34): Warning: <script> anchor "MathJax-script" already defined robust2sls.html:3132:1 (suptest.Rd:39): Warning: <script> anchor "MathJax-script" already defined Flavors: r-devel-linux-x86_64-debian-clang, r-devel-linux-x86_64-debian-gcc, r-devel-linux-x86_64-fedora-clang, r-devel-linux-x86_64-fedora-gcc

mirror server hosted at Truenetwork, Russian Federation.