CRAN Package Check Results for Package robustlm

Last updated on 2025-05-22 06:51:56 CEST.

Flavor Version Tinstall Tcheck Ttotal Status Flags
r-devel-linux-x86_64-debian-clang 0.1.0 2.09 30.55 32.64 OK
r-devel-linux-x86_64-debian-gcc 0.1.0 1.66 24.41 26.07 OK
r-devel-linux-x86_64-fedora-clang 0.1.0 52.12 OK
r-devel-linux-x86_64-fedora-gcc 0.1.0 65.18 OK
r-devel-windows-x86_64 0.1.0 4.00 63.00 67.00 OK
r-patched-linux-x86_64 0.1.0 2.10 29.45 31.55 OK
r-release-linux-x86_64 0.1.0 2.07 29.21 31.28 OK
r-release-macos-arm64 0.1.0 34.00 OK
r-release-macos-x86_64 0.1.0 48.00 OK
r-release-windows-x86_64 0.1.0 5.00 79.00 84.00 OK
r-oldrel-macos-arm64 0.1.0 26.00 NOTE
r-oldrel-macos-x86_64 0.1.0 36.00 NOTE
r-oldrel-windows-x86_64 0.1.0 5.00 58.00 63.00 NOTE

Check Details

Version: 0.1.0
Check: LazyData
Result: NOTE 'LazyData' is specified without a 'data' directory Flavors: r-oldrel-macos-arm64, r-oldrel-macos-x86_64, r-oldrel-windows-x86_64

mirror server hosted at Truenetwork, Russian Federation.