Last updated on 2025-11-24 11:50:18 CET.
| Flavor | Version | Tinstall | Tcheck | Ttotal | Status | Flags |
|---|---|---|---|---|---|---|
| r-devel-linux-x86_64-debian-clang | 0.9.2 | 4.43 | 112.22 | 116.65 | OK | |
| r-devel-linux-x86_64-debian-gcc | 0.9.2 | 3.59 | 74.37 | 77.96 | OK | |
| r-devel-linux-x86_64-fedora-clang | 0.9.2 | 13.00 | 166.14 | 179.14 | OK | |
| r-devel-linux-x86_64-fedora-gcc | 0.9.2 | 23.00 | 163.54 | 186.54 | OK | |
| r-devel-windows-x86_64 | 0.9.2 | 13.00 | 187.00 | 200.00 | OK | |
| r-patched-linux-x86_64 | 0.9.2 | 4.44 | 97.32 | 101.76 | OK | |
| r-release-linux-x86_64 | 0.9.2 | 4.68 | 96.63 | 101.31 | OK | |
| r-release-macos-arm64 | 0.9.2 | OK | ||||
| r-release-macos-x86_64 | 0.9.2 | 5.00 | 132.00 | 137.00 | OK | |
| r-release-windows-x86_64 | 0.9.2 | 7.00 | 101.00 | 108.00 | ERROR | |
| r-oldrel-macos-arm64 | 0.9.2 | OK | ||||
| r-oldrel-macos-x86_64 | 0.9.2 | 5.00 | 147.00 | 152.00 | OK | |
| r-oldrel-windows-x86_64 | 0.9.2 | 9.00 | 218.00 | 227.00 | OK |
Version: 0.9.2
Check: re-building of vignette outputs
Result: ERROR
Error(s) in re-building vignettes:
--- re-building 'rodeoVignette.Rmd' using rmarkdown
using Fortran compiler: 'GNU Fortran (GCC) 14.3.0'
make[1]: Entering directory '/d/temp/2025_11_15_13_34_13_7498/RtmpiwSJIO'
make[1]: Leaving directory '/d/temp/2025_11_15_13_34_13_7498/RtmpiwSJIO'
make[1]: Entering directory '/d/temp/2025_11_15_13_34_13_7498/RtmpiwSJIO'
gfortran -pedantic -O2 -mfpmath=sse -msse2 -mstackrealign -c D:/RCompile/CRANpkg/local/4.5/rodeo.Rcheck/vign_test/rodeo/vignettes/vignetteData/fortran/functionsCode.f95 -o D:/RCompile/CRANpkg/local/4.5/rodeo.Rcheck/vign_test/rodeo/vignettes/vignetteData/fortran/functionsCode.o
gfortran -pedantic -O2 -mfpmath=sse -msse2 -mstackrealign -c D:/temp/2025_11_15_13_34_13_7498/RtmpiwSJIO/rodeo519457e842e1.f95 -o D:/temp/2025_11_15_13_34_13_7498/RtmpiwSJIO/rodeo519457e842e1.o
gfortran -pedantic -O2 -mfpmath=sse -msse2 -mstackrealign -c D:/temp/2025_11_15_13_34_13_7498/RtmpiwSJIO/rodeo519457261fc.f95 -o D:/temp/2025_11_15_13_34_13_7498/RtmpiwSJIO/rodeo519457261fc.o
gcc -shared -s -static-libgcc -o D:/temp/2025_11_15_13_34_13_7498/RtmpiwSJIO/rodeo5194139c4d3a.dll tmp.def D:/RCompile/CRANpkg/local/4.5/rodeo.Rcheck/vign_test/rodeo/vignettes/vignetteData/fortran/functionsCode.o D:/temp/2025_11_15_13_34_13_7498/RtmpiwSJIO/rodeo519457e842e1.o D:/temp/2025_11_15_13_34_13_7498/RtmpiwSJIO/rodeo519457261fc.o -Ld:/rtools45/x86_64-w64-mingw32.static.posix/lib/x64 -Ld:/rtools45/x86_64-w64-mingw32.static.posix/lib -lgfortran -lquadmath -LD:/RCompile/recent/R-4.5.2/bin/x64 -lR
make[1]: Leaving directory '/d/temp/2025_11_15_13_34_13_7498/RtmpiwSJIO'
make[1]: Entering directory '/d/temp/2025_11_15_13_34_13_7498/RtmpiwSJIO'
make[1]: Leaving directory '/d/temp/2025_11_15_13_34_13_7498/RtmpiwSJIO'
make[1]: Entering directory '/d/temp/2025_11_15_13_34_13_7498/RtmpiwSJIO'
make[1]: Leaving directory '/d/temp/2025_11_15_13_34_13_7498/RtmpiwSJIO'
using Fortran compiler: 'GNU Fortran (GCC) 14.3.0'
make[1]: Entering directory '/d/temp/2025_11_15_13_34_13_7498/RtmpiwSJIO'
make[1]: Leaving directory '/d/temp/2025_11_15_13_34_13_7498/RtmpiwSJIO'
make[1]: Entering directory '/d/temp/2025_11_15_13_34_13_7498/RtmpiwSJIO'
gfortran -pedantic -O2 -mfpmath=sse -msse2 -mstackrealign -c D:/temp/2025_11_15_13_34_13_7498/RtmpiwSJIO/file5194137c51f8.f95 -o D:/temp/2025_11_15_13_34_13_7498/RtmpiwSJIO/file5194137c51f8.o
gfortran -pedantic -O2 -mfpmath=sse -msse2 -mstackrealign -c D:/temp/2025_11_15_13_34_13_7498/RtmpiwSJIO/file5194ef72c50.f95 -o D:/temp/2025_11_15_13_34_13_7498/RtmpiwSJIO/file5194ef72c50.o
gfortran -pedantic -O2 -mfpmath=sse -msse2 -mstackrealign -c D:/temp/2025_11_15_13_34_13_7498/RtmpiwSJIO/rodeo519453e38c7.f95 -o D:/temp/2025_11_15_13_34_13_7498/RtmpiwSJIO/rodeo519453e38c7.o
gfortran -pedantic -O2 -mfpmath=sse -msse2 -mstackrealign -c D:/temp/2025_11_15_13_34_13_7498/RtmpiwSJIO/rodeo5194b317715.f95 -o D:/temp/2025_11_15_13_34_13_7498/RtmpiwSJIO/rodeo5194b317715.o
gcc -shared -s -static-libgcc -o D:/temp/2025_11_15_13_34_13_7498/RtmpiwSJIO/rodeo51944b731e7.dll tmp.def D:/temp/2025_11_15_13_34_13_7498/RtmpiwSJIO/file5194137c51f8.o D:/temp/2025_11_15_13_34_13_7498/RtmpiwSJIO/file5194ef72c50.o D:/temp/2025_11_15_13_34_13_7498/RtmpiwSJIO/rodeo519453e38c7.o D:/temp/2025_11_15_13_34_13_7498/RtmpiwSJIO/rodeo5194b317715.o -Ld:/rtools45/x86_64-w64-mingw32.static.posix/lib/x64 -Ld:/rtools45/x86_64-w64-mingw32.static.posix/lib -lgfortran -lquadmath -LD:/RCompile/recent/R-4.5.2/bin/x64 -lR
make[1]: Leaving directory '/d/temp/2025_11_15_13_34_13_7498/RtmpiwSJIO'
make[1]: Entering directory '/d/temp/2025_11_15_13_34_13_7498/RtmpiwSJIO'
make[1]: Leaving directory '/d/temp/2025_11_15_13_34_13_7498/RtmpiwSJIO'
make[1]: Entering directory '/d/temp/2025_11_15_13_34_13_7498/RtmpiwSJIO'
make[1]: Leaving directory '/d/temp/2025_11_15_13_34_13_7498/RtmpiwSJIO'
Flavor: r-release-windows-x86_64