Last updated on 2025-05-28 06:51:37 CEST.
Flavor | Version | Tinstall | Tcheck | Ttotal | Status | Flags |
---|---|---|---|---|---|---|
r-devel-linux-x86_64-debian-clang | 1.0.0 | 35.30 | 163.70 | 199.00 | NOTE | |
r-devel-linux-x86_64-debian-gcc | 1.0.0 | 25.88 | 107.44 | 133.32 | NOTE | |
r-devel-linux-x86_64-fedora-clang | 1.0.0 | 327.14 | NOTE | |||
r-devel-linux-x86_64-fedora-gcc | 1.0.0 | 315.37 | NOTE | |||
r-devel-windows-x86_64 | 1.0.0 | 44.00 | 176.00 | 220.00 | OK | |
r-patched-linux-x86_64 | 1.0.0 | 34.65 | 157.54 | 192.19 | NOTE | |
r-release-linux-x86_64 | 1.0.0 | 34.17 | 158.20 | 192.37 | NOTE | |
r-release-macos-arm64 | 1.0.0 | 84.00 | NOTE | |||
r-release-macos-x86_64 | 1.0.0 | 167.00 | NOTE | |||
r-release-windows-x86_64 | 1.0.0 | 45.00 | 176.00 | 221.00 | OK | |
r-oldrel-macos-arm64 | 1.0.0 | 83.00 | NOTE | |||
r-oldrel-macos-x86_64 | 1.0.0 | 119.00 | NOTE | |||
r-oldrel-windows-x86_64 | 1.0.0 | 53.00 | 241.00 | 294.00 | OK |
Version: 1.0.0
Check: CRAN incoming feasibility
Result: NOTE
Maintainer: ‘Fabio Centofanti <fabio.centofanti@unina.it>’
The Description field contains
described in Centofanti et al. (2021) <arXiv:2112.10643>. It allows
Please refer to arXiv e-prints via their arXiv DOI <doi:10.48550/arXiv.YYMM.NNNNN>.
Flavors: r-devel-linux-x86_64-debian-clang, r-devel-linux-x86_64-debian-gcc
Version: 1.0.0
Check: C++ specification
Result: NOTE
Specified C++11: please drop specification unless essential
Flavors: r-devel-linux-x86_64-debian-clang, r-devel-linux-x86_64-debian-gcc, r-devel-linux-x86_64-fedora-clang, r-devel-linux-x86_64-fedora-gcc, r-patched-linux-x86_64, r-release-linux-x86_64, r-release-macos-arm64, r-release-macos-x86_64, r-oldrel-macos-arm64, r-oldrel-macos-x86_64