CRAN Package Check Results for Package rotationForest

Last updated on 2025-05-19 18:50:38 CEST.

Flavor Version Tinstall Tcheck Ttotal Status Flags
r-devel-linux-x86_64-debian-clang 0.1.3 1.51 17.91 19.42 NOTE
r-devel-linux-x86_64-debian-gcc 0.1.3 1.37 14.68 16.05 NOTE
r-devel-linux-x86_64-fedora-clang 0.1.3 30.37 OK
r-devel-linux-x86_64-fedora-gcc 0.1.3 28.85 OK
r-devel-windows-x86_64 0.1.3 3.00 47.00 50.00 OK
r-patched-linux-x86_64 0.1.3 1.83 17.14 18.97 OK
r-release-linux-x86_64 0.1.3 1.70 17.38 19.08 OK
r-release-macos-arm64 0.1.3 15.00 OK
r-release-macos-x86_64 0.1.3 23.00 OK
r-release-windows-x86_64 0.1.3 3.00 47.00 50.00 OK
r-oldrel-macos-arm64 0.1.3 16.00 OK
r-oldrel-macos-x86_64 0.1.3 20.00 OK
r-oldrel-windows-x86_64 0.1.3 2.00 40.00 42.00 OK

Check Details

Version: 0.1.3
Check: CRAN incoming feasibility
Result: NOTE Maintainer: ‘Michel Ballings <michel.ballings@gmail.com>’ No Authors@R field in DESCRIPTION. Please add one, modifying Authors@R: c(person(given = "Michel", family = "Ballings", role = c("aut", "cre"), email = "michel.ballings@gmail.com"), person(given = "Dirk", family = "Van den Poel", role = "aut")) as necessary. Flavors: r-devel-linux-x86_64-debian-clang, r-devel-linux-x86_64-debian-gcc

mirror server hosted at Truenetwork, Russian Federation.