Last updated on 2024-06-27 12:49:20 CEST.
Flavor | Version | Tinstall | Tcheck | Ttotal | Status | Flags |
---|---|---|---|---|---|---|
r-devel-linux-x86_64-debian-clang | 1.2.6 | WARN | ||||
r-devel-linux-x86_64-debian-gcc | 1.2.6 | 3.70 | 22.50 | 26.20 | WARN | |
r-devel-linux-x86_64-fedora-clang | 1.2.7 | 45.24 | NOTE | |||
r-devel-linux-x86_64-fedora-gcc | 1.2.7 | 57.44 | NOTE | |||
r-devel-windows-x86_64 | 1.2.6 | 13.00 | 52.00 | 65.00 | WARN | |
r-patched-linux-x86_64 | 1.2.6 | 4.80 | 28.11 | 32.91 | OK | |
r-release-linux-x86_64 | 1.2.6 | 4.50 | 28.39 | 32.89 | OK | |
r-release-macos-arm64 | 1.2.7 | 41.00 | OK | |||
r-release-macos-x86_64 | 1.2.7 | 93.00 | OK | |||
r-release-windows-x86_64 | 1.2.6 | 9.00 | 51.00 | 60.00 | OK | |
r-oldrel-macos-arm64 | 1.2.7 | 51.00 | OK | |||
r-oldrel-macos-x86_64 | 1.2.7 | 99.00 | OK | |||
r-oldrel-windows-x86_64 | 1.2.6 | 9.00 | 49.00 | 58.00 | OK |
Version: 1.2.6
Check: compiled code
Result: WARN
File ‘rrapply/libs/rrapply.so’:
Found non-API calls to R: ‘COMPLEX0’, ‘STRING_PTR’
These entry points may be removed soon:
‘COMPLEX0’
Compiled code should not call non-API entry points in R.
See ‘Writing portable packages’ in the ‘Writing R Extensions’ manual.
Flavor: r-devel-linux-x86_64-debian-clang
Version: 1.2.6
Check: compiled code
Result: WARN
File ‘rrapply/libs/rrapply.so’:
Found non-API calls to R: ‘COMPLEX0’, ‘STRING_PTR’
These entry points may be removed soon:
‘COMPLEX0’
Compiled code should not call non-API entry points in R.
See ‘Writing portable packages’ in the ‘Writing R Extensions’ manual.
See section ‘Moving into C API compliance’ in the ‘Writing R
Extensions’ manual for issues with use of non-API entry points.
Flavor: r-devel-linux-x86_64-debian-gcc
Version: 1.2.7
Check: compiled code
Result: NOTE
File ‘rrapply/libs/rrapply.so’:
Found non-API call to R: ‘Rf_isValidString’
Compiled code should not call non-API entry points in R.
See ‘Writing portable packages’ in the ‘Writing R Extensions’ manual.
See section ‘Moving into C API compliance’ in the ‘Writing R
Extensions’ manual for issues with use of non-API entry points.
Flavors: r-devel-linux-x86_64-fedora-clang, r-devel-linux-x86_64-fedora-gcc
Version: 1.2.6
Check: compiled code
Result: WARN
File 'rrapply/libs/x64/rrapply.dll':
Found non-API calls to R: 'COMPLEX0', 'STRING_PTR'
These entry points may be removed soon:
'COMPLEX0'
Compiled code should not call non-API entry points in R.
See 'Writing portable packages' in the 'Writing R Extensions' manual.
Flavor: r-devel-windows-x86_64