CRAN Package Check Results for Package rrr

Last updated on 2025-05-19 18:50:38 CEST.

Flavor Version Tinstall Tcheck Ttotal Status Flags
r-devel-linux-x86_64-debian-clang 1.0.0 8.34 94.36 102.70 OK
r-devel-linux-x86_64-debian-gcc 1.0.0 5.12 69.03 74.15 OK
r-devel-linux-x86_64-fedora-clang 1.0.0 155.71 NOTE
r-devel-linux-x86_64-fedora-gcc 1.0.0 159.27 NOTE
r-devel-windows-x86_64 1.0.0 10.00 111.00 121.00 OK
r-patched-linux-x86_64 1.0.0 7.50 86.58 94.08 OK
r-release-linux-x86_64 1.0.0 7.43 87.36 94.79 OK
r-release-macos-arm64 1.0.0 53.00 OK
r-release-macos-x86_64 1.0.0 98.00 OK
r-release-windows-x86_64 1.0.0 11.00 101.00 112.00 OK
r-oldrel-macos-arm64 1.0.0 52.00 OK
r-oldrel-macos-x86_64 1.0.0 71.00 OK
r-oldrel-windows-x86_64 1.0.0 11.00 127.00 138.00 OK

Check Details

Version: 1.0.0
Check: dependencies in R code
Result: NOTE Namespace in Imports field not imported from: ‘Rcpp’ All declared Imports should be used. Flavors: r-devel-linux-x86_64-fedora-clang, r-devel-linux-x86_64-fedora-gcc

mirror server hosted at Truenetwork, Russian Federation.