Last updated on 2025-11-22 17:49:41 CET.
| Flavor | Version | Tinstall | Tcheck | Ttotal | Status | Flags |
|---|---|---|---|---|---|---|
| r-devel-linux-x86_64-debian-clang | 1.0 | 2.05 | 46.30 | 48.35 | NOTE | |
| r-devel-linux-x86_64-debian-gcc | 1.0 | 1.88 | 34.79 | 36.67 | NOTE | |
| r-devel-linux-x86_64-fedora-clang | 1.0 | 73.88 | NOTE | |||
| r-devel-linux-x86_64-fedora-gcc | 1.0 | 18.00 | 76.63 | 94.63 | NOTE | |
| r-devel-windows-x86_64 | 1.0 | 6.00 | 60.00 | 66.00 | OK | |
| r-patched-linux-x86_64 | 1.0 | 2.48 | 44.17 | 46.65 | OK | |
| r-release-linux-x86_64 | 1.0 | 2.37 | 44.41 | 46.78 | OK | |
| r-release-macos-arm64 | 1.0 | OK | ||||
| r-release-macos-x86_64 | 1.0 | 3.00 | 77.00 | 80.00 | OK | |
| r-release-windows-x86_64 | 1.0 | 5.00 | 60.00 | 65.00 | OK | |
| r-oldrel-macos-arm64 | 1.0 | NOTE | ||||
| r-oldrel-macos-x86_64 | 1.0 | 2.00 | 48.00 | 50.00 | NOTE | |
| r-oldrel-windows-x86_64 | 1.0 | 5.00 | 72.00 | 77.00 | NOTE |
Version: 1.0
Check: CRAN incoming feasibility
Result: NOTE
Maintainer: ‘Gregory Hunt <ghunt@wm.edu>’
Package CITATION file contains call(s) to old-style personList() or
as.personList(). Please use c() on person objects instead.
Package CITATION file contains call(s) to old-style citEntry(). Please
use bibentry() instead.
Flavors: r-devel-linux-x86_64-debian-clang, r-devel-linux-x86_64-debian-gcc
Version: 1.0
Check: dependencies in R code
Result: NOTE
Namespace in Imports field not imported from: ‘abind’
All declared Imports should be used.
Flavors: r-devel-linux-x86_64-fedora-clang, r-devel-linux-x86_64-fedora-gcc
Version: 1.0
Check: LazyData
Result: NOTE
'LazyData' is specified without a 'data' directory
Flavors: r-oldrel-macos-arm64, r-oldrel-macos-x86_64, r-oldrel-windows-x86_64