Last updated on 2025-11-02 23:49:50 CET.
| Flavor | Version | Tinstall | Tcheck | Ttotal | Status | Flags |
|---|---|---|---|---|---|---|
| r-devel-linux-x86_64-debian-clang | 0.5.3 | 143.20 | 127.84 | 271.04 | OK | |
| r-devel-linux-x86_64-debian-gcc | 0.5.3 | 96.16 | 91.53 | 187.69 | OK | |
| r-devel-linux-x86_64-fedora-clang | 0.5.3 | 198.00 | 289.71 | 487.71 | NOTE | |
| r-devel-linux-x86_64-fedora-gcc | 0.5.3 | 209.00 | 239.82 | 448.82 | NOTE | |
| r-devel-windows-x86_64 | 0.5.3 | 172.00 | 147.00 | 319.00 | OK | |
| r-patched-linux-x86_64 | 0.5.3 | 142.68 | 119.94 | 262.62 | OK | |
| r-release-linux-x86_64 | 0.5.3 | 143.61 | 119.99 | 263.60 | OK | |
| r-release-macos-arm64 | 0.5.3 | 56.00 | 67.00 | 123.00 | OK | |
| r-release-macos-x86_64 | 0.5.3 | 58.00 | 123.00 | 181.00 | OK | |
| r-release-windows-x86_64 | 0.5.3 | 170.00 | 145.00 | 315.00 | OK | |
| r-oldrel-macos-arm64 | 0.5.3 | 45.00 | 62.00 | 107.00 | NOTE | |
| r-oldrel-macos-x86_64 | 0.5.3 | 93.00 | 136.00 | 229.00 | NOTE | |
| r-oldrel-windows-x86_64 | 0.5.3 | 208.00 | 193.00 | 401.00 | OK |
Version: 0.5.3
Check: dependencies in R code
Result: NOTE
Namespace in Imports field not imported from: ‘MatrixExtra’
All declared Imports should be used.
Flavors: r-devel-linux-x86_64-fedora-clang, r-devel-linux-x86_64-fedora-gcc
Version: 0.5.3
Check: installed package size
Result: NOTE
installed size is 10.2Mb
sub-directories of 1Mb or more:
libs 9.5Mb
Flavors: r-oldrel-macos-arm64, r-oldrel-macos-x86_64