Last updated on 2025-11-03 17:50:02 CET.
| Flavor | Version | Tinstall | Tcheck | Ttotal | Status | Flags |
|---|---|---|---|---|---|---|
| r-devel-linux-x86_64-debian-clang | 0.1.4 | 5.30 | 61.08 | 66.38 | NOTE | |
| r-devel-linux-x86_64-debian-gcc | 0.1.4 | 3.96 | 42.33 | 46.29 | NOTE | |
| r-devel-linux-x86_64-fedora-clang | 0.1.4 | 13.00 | 87.09 | 100.09 | OK | |
| r-devel-linux-x86_64-fedora-gcc | 0.1.4 | 13.00 | 81.89 | 94.89 | OK | |
| r-devel-windows-x86_64 | 0.1.4 | 7.00 | 80.00 | 87.00 | OK | |
| r-patched-linux-x86_64 | 0.1.4 | 6.15 | 55.10 | 61.25 | OK | |
| r-release-linux-x86_64 | 0.1.4 | 5.10 | 55.21 | 60.31 | OK | |
| r-release-macos-arm64 | 0.1.4 | 3.00 | 31.00 | 34.00 | OK | |
| r-release-macos-x86_64 | 0.1.4 | 5.00 | 53.00 | 58.00 | OK | |
| r-release-windows-x86_64 | 0.1.4 | 7.00 | 79.00 | 86.00 | OK | |
| r-oldrel-macos-arm64 | 0.1.4 | 3.00 | 26.00 | 29.00 | OK | |
| r-oldrel-macos-x86_64 | 0.1.4 | 4.00 | 41.00 | 45.00 | OK | |
| r-oldrel-windows-x86_64 | 0.1.4 | 10.00 | 98.00 | 108.00 | OK |
Version: 0.1.4
Check: CRAN incoming feasibility
Result: NOTE
Maintainer: ‘Kasper Welbers <kasperwelbers@gmail.com>’
No Authors@R field in DESCRIPTION.
Please add one, modifying
Authors@R: c(person(given = "Kasper",
family = "Welbers",
role = c("aut", "cre"),
email = "kasperwelbers@gmail.com"),
person(given = "Wouter",
family = "van Atteveldt",
role = "aut"))
as necessary.
Flavors: r-devel-linux-x86_64-debian-clang, r-devel-linux-x86_64-debian-gcc