Last updated on 2024-06-26 18:58:50 CEST.
Flavor | Version | Tinstall | Tcheck | Ttotal | Status | Flags |
---|---|---|---|---|---|---|
r-devel-linux-x86_64-debian-clang | 0.3.4 | NOTE | ||||
r-devel-linux-x86_64-debian-gcc | 0.3.4 | 72.94 | 157.76 | 230.70 | NOTE | |
r-devel-linux-x86_64-fedora-clang | 0.3.4 | 444.62 | NOTE | |||
r-devel-linux-x86_64-fedora-gcc | 0.3.4 | 474.32 | NOTE | |||
r-devel-windows-x86_64 | 0.3.4 | 87.00 | 205.00 | 292.00 | NOTE | |
r-patched-linux-x86_64 | 0.3.4 | 92.67 | 212.42 | 305.09 | NOTE | |
r-release-linux-x86_64 | 0.3.4 | 64.83 | 210.23 | 275.06 | NOTE | |
r-release-macos-arm64 | 0.3.4 | 114.00 | NOTE | |||
r-release-macos-x86_64 | 0.3.4 | 255.00 | NOTE | |||
r-release-windows-x86_64 | 0.3.4 | 94.00 | 210.00 | 304.00 | NOTE | |
r-oldrel-macos-arm64 | 0.3.4 | 133.00 | NOTE | |||
r-oldrel-macos-x86_64 | 0.3.4 | 220.00 | NOTE | |||
r-oldrel-windows-x86_64 | 0.3.4 | 115.00 | 240.00 | 355.00 | NOTE |
Version: 0.3.4
Check: for GNU extensions in Makefiles
Result: NOTE
GNU make is a SystemRequirements.
Flavors: r-devel-linux-x86_64-debian-clang, r-devel-linux-x86_64-debian-gcc, r-devel-linux-x86_64-fedora-clang, r-devel-linux-x86_64-fedora-gcc, r-devel-windows-x86_64, r-patched-linux-x86_64, r-release-linux-x86_64, r-release-macos-arm64, r-release-macos-x86_64, r-release-windows-x86_64, r-oldrel-macos-arm64, r-oldrel-macos-x86_64, r-oldrel-windows-x86_64