Last updated on 2025-05-18 12:50:15 CEST.
Flavor | Version | Tinstall | Tcheck | Ttotal | Status | Flags |
---|---|---|---|---|---|---|
r-devel-linux-x86_64-debian-clang | 1.0.4 | 1.63 | 17.87 | 19.50 | NOTE | |
r-devel-linux-x86_64-debian-gcc | 1.0.4 | 1.34 | 14.70 | 16.04 | NOTE | |
r-devel-linux-x86_64-fedora-clang | 1.0.4 | 30.40 | OK | |||
r-devel-linux-x86_64-fedora-gcc | 1.0.4 | 31.57 | OK | |||
r-devel-windows-x86_64 | 1.0.4 | 3.00 | 43.00 | 46.00 | OK | |
r-patched-linux-x86_64 | 1.0.4 | 1.78 | 17.15 | 18.93 | OK | |
r-release-linux-x86_64 | 1.0.4 | 1.54 | 17.25 | 18.79 | OK | |
r-release-macos-arm64 | 1.0.4 | 16.00 | OK | |||
r-release-macos-x86_64 | 1.0.4 | 23.00 | OK | |||
r-release-windows-x86_64 | 1.0.4 | 3.00 | 55.00 | 58.00 | OK | |
r-oldrel-macos-arm64 | 1.0.4 | 16.00 | NOTE | |||
r-oldrel-macos-x86_64 | 1.0.4 | 28.00 | NOTE | |||
r-oldrel-windows-x86_64 | 1.0.4 | 3.00 | 46.00 | 49.00 | NOTE |
Version: 1.0.4
Check: CRAN incoming feasibility
Result: NOTE
Maintainer: ‘Mauricio Santelices <m.santelicesa@gmail.com>’
No Authors@R field in DESCRIPTION.
Please add one, modifying
Authors@R: person(given = "Mauricio",
family = "Santelices",
role = c("aut", "cre"),
email = "m.santelicesa@gmail.com")
as necessary.
Flavors: r-devel-linux-x86_64-debian-clang, r-devel-linux-x86_64-debian-gcc
Version: 1.0.4
Check: LazyData
Result: NOTE
'LazyData' is specified without a 'data' directory
Flavors: r-oldrel-macos-arm64, r-oldrel-macos-x86_64, r-oldrel-windows-x86_64