Last updated on 2025-05-24 18:50:12 CEST.
Flavor | Version | Tinstall | Tcheck | Ttotal | Status | Flags |
---|---|---|---|---|---|---|
r-devel-linux-x86_64-debian-clang | 1.1.8 | 543.37 | 58.95 | 602.32 | OK | |
r-devel-linux-x86_64-debian-gcc | 1.1.8 | 406.42 | 43.37 | 449.79 | WARN | |
r-devel-linux-x86_64-fedora-clang | 1.1.9 | 1259.03 | OK | |||
r-devel-linux-x86_64-fedora-gcc | 1.1.8 | 1058.79 | WARN | |||
r-devel-windows-x86_64 | 1.1.8 | 795.00 | 167.00 | 962.00 | OK | |
r-patched-linux-x86_64 | 1.1.8 | 576.24 | 56.14 | 632.38 | WARN | |
r-release-linux-x86_64 | 1.1.8 | 578.78 | 56.18 | 634.96 | WARN | |
r-release-macos-arm64 | 1.1.9 | 247.00 | WARN | |||
r-release-macos-x86_64 | 1.1.8 | 469.00 | WARN | |||
r-release-windows-x86_64 | 1.1.9 | 563.00 | 164.00 | 727.00 | OK | |
r-oldrel-macos-arm64 | 1.1.9 | 283.00 | NOTE | |||
r-oldrel-macos-x86_64 | 1.1.9 | 285.00 | ERROR | |||
r-oldrel-windows-x86_64 | 1.1.9 | 729.00 | 201.00 | 930.00 | NOTE |
Version: 1.1.8
Check: whether package can be installed
Result: WARN
Found the following significant warnings:
../src/s2/util/gtl/compact_array.h:127:28: warning: ISO C++ forbids zero-size array [-Wpedantic]
See ‘/home/hornik/tmp/R.check/r-devel-gcc/Work/PKGS/s2.Rcheck/00install.out’ for details.
* used C compiler: ‘gcc-14 (Debian 14.2.0-19) 14.2.0’
* used C++ compiler: ‘g++-14 (Debian 14.2.0-19) 14.2.0’
Flavor: r-devel-linux-x86_64-debian-gcc
Version: 1.1.8
Check: whether package can be installed
Result: WARN
Found the following significant warnings:
../src/s2/util/gtl/compact_array.h:127:28: warning: ISO C++ forbids zero-size array [-Wpedantic]
See ‘/data/gannet/ripley/R/packages/tests-devel/s2.Rcheck/00install.out’ for details.
* used C compiler: ‘gcc (GCC) 15.1.1 20250425 (Red Hat 15.1.1-1)’
* used C++ compiler: ‘g++ (GCC) 15.1.1 20250425 (Red Hat 15.1.1-1)’
Flavor: r-devel-linux-x86_64-fedora-gcc
Version: 1.1.8
Check: whether package can be installed
Result: WARN
Found the following significant warnings:
../src/s2/util/gtl/compact_array.h:127:28: warning: ISO C++ forbids zero-size array [-Wpedantic]
See ‘/home/hornik/tmp/R.check/r-patched-gcc/Work/PKGS/s2.Rcheck/00install.out’ for details.
* used C compiler: ‘gcc-14 (Debian 14.2.0-19) 14.2.0’
* used C++ compiler: ‘g++-14 (Debian 14.2.0-19) 14.2.0’
Flavor: r-patched-linux-x86_64
Version: 1.1.8
Check: whether package can be installed
Result: WARN
Found the following significant warnings:
../src/s2/util/gtl/compact_array.h:127:28: warning: ISO C++ forbids zero-size array [-Wpedantic]
See ‘/home/hornik/tmp/R.check/r-release-gcc/Work/PKGS/s2.Rcheck/00install.out’ for details.
* used C compiler: ‘gcc-14 (Debian 14.2.0-19) 14.2.0’
* used C++ compiler: ‘g++-14 (Debian 14.2.0-19) 14.2.0’
Flavor: r-release-linux-x86_64
Version: 1.1.9
Check: compiled code
Result: WARN
File ‘s2/libs/s2.so’:
Found ‘__ZNSt3__14cerrE’, possibly from ‘std::cerr’ (C++)
Object: ‘../tools/dist/lib/libabsl_flags_config.a’
Found ‘___assert_rtn’, possibly from ‘assert’ (C)
Objects: ‘../tools/dist/lib/libabsl_base.a’,
‘../tools/dist/lib/libabsl_cord.a’,
‘../tools/dist/lib/libabsl_cord_internal.a’,
‘../tools/dist/lib/libabsl_cordz_handle.a’,
‘../tools/dist/lib/libabsl_cordz_info.a’,
‘../tools/dist/lib/libabsl_crc_cord_state.a’,
‘../tools/dist/lib/libabsl_crc_internal.a’,
‘../tools/dist/lib/libabsl_flags_internal.a’,
‘../tools/dist/lib/libabsl_flags_reflection.a’,
‘../tools/dist/lib/libabsl_graphcycles_internal.a’,
‘../tools/dist/lib/libabsl_int128.a’,
‘../tools/dist/lib/libabsl_kernel_timeout_internal.a’,
‘../tools/dist/lib/libabsl_log_globals.a’,
‘../tools/dist/lib/libabsl_log_internal_format.a’,
‘../tools/dist/lib/libabsl_log_internal_globals.a’,
‘../tools/dist/lib/libabsl_log_internal_log_sink_set.a’,
‘../tools/dist/lib/libabsl_log_internal_message.a’,
‘../tools/dist/lib/libabsl_log_internal_proto.a’,
‘../tools/dist/lib/libabsl_malloc_internal.a’,
‘../tools/dist/lib/libabsl_raw_hash_set.a’,
‘../tools/dist/lib/libabsl_raw_logging_internal.a’,
‘../tools/dist/lib/libabsl_status.a’,
‘../tools/dist/lib/libabsl_str_format_internal.a’,
‘../tools/dist/lib/libabsl_strings.a’,
‘../tools/dist/lib/libabsl_strings_internal.a’,
‘../tools/dist/lib/libabsl_symbolize.a’,
‘../tools/dist/lib/libabsl_synchronization.a’,
‘../tools/dist/lib/libabsl_time.a’,
‘../tools/dist/lib/libabsl_time_zone.a’
Found ‘___stderrp’, possibly from ‘stderr’ (C)
Objects: ‘../tools/dist/lib/libabsl_log_internal_globals.a’,
‘../tools/dist/lib/libabsl_str_format_internal.a’
Found ‘__exit’, possibly from ‘_exit’ (C), ‘_Exit’ (C)
Object: ‘../tools/dist/lib/libabsl_log_internal_message.a’
Found ‘_abort’, possibly from ‘abort’ (C)
Objects: ‘../tools/dist/lib/libabsl_log_internal_message.a’,
‘../tools/dist/lib/libabsl_raw_logging_internal.a’
Found ‘_exit’, possibly from ‘exit’ (C)
Object: ‘../tools/dist/lib/libabsl_flags_reflection.a’
Compiled code should not call entry points which might terminate R nor
write to stdout/stderr instead of to the console, nor use Fortran I/O
nor system RNGs nor [v]sprintf.
See ‘Writing portable packages’ in the ‘Writing R Extensions’ manual.
Flavor: r-release-macos-arm64
Version: 1.1.8
Check: compiled code
Result: WARN
File ‘s2/libs/s2.so’:
Found ‘__ZNSt3__14cerrE’, possibly from ‘std::cerr’ (C++)
Object: ‘../tools/dist/lib/libabsl_flags_config.a’
Found ‘___assert_rtn’, possibly from ‘assert’ (C)
Objects: ‘../tools/dist/lib/libabsl_base.a’,
‘../tools/dist/lib/libabsl_cord.a’,
‘../tools/dist/lib/libabsl_cord_internal.a’,
‘../tools/dist/lib/libabsl_cordz_handle.a’,
‘../tools/dist/lib/libabsl_cordz_info.a’,
‘../tools/dist/lib/libabsl_crc_cord_state.a’,
‘../tools/dist/lib/libabsl_crc_internal.a’,
‘../tools/dist/lib/libabsl_flags_internal.a’,
‘../tools/dist/lib/libabsl_flags_reflection.a’,
‘../tools/dist/lib/libabsl_graphcycles_internal.a’,
‘../tools/dist/lib/libabsl_int128.a’,
‘../tools/dist/lib/libabsl_kernel_timeout_internal.a’,
‘../tools/dist/lib/libabsl_log_globals.a’,
‘../tools/dist/lib/libabsl_log_internal_format.a’,
‘../tools/dist/lib/libabsl_log_internal_globals.a’,
‘../tools/dist/lib/libabsl_log_internal_log_sink_set.a’,
‘../tools/dist/lib/libabsl_log_internal_message.a’,
‘../tools/dist/lib/libabsl_log_internal_proto.a’,
‘../tools/dist/lib/libabsl_malloc_internal.a’,
‘../tools/dist/lib/libabsl_raw_hash_set.a’,
‘../tools/dist/lib/libabsl_raw_logging_internal.a’,
‘../tools/dist/lib/libabsl_status.a’,
‘../tools/dist/lib/libabsl_str_format_internal.a’,
‘../tools/dist/lib/libabsl_strings.a’,
‘../tools/dist/lib/libabsl_strings_internal.a’,
‘../tools/dist/lib/libabsl_symbolize.a’,
‘../tools/dist/lib/libabsl_synchronization.a’,
‘../tools/dist/lib/libabsl_time.a’,
‘../tools/dist/lib/libabsl_time_zone.a’
Found ‘___stderrp’, possibly from ‘stderr’ (C)
Objects: ‘../tools/dist/lib/libabsl_log_internal_globals.a’,
‘../tools/dist/lib/libabsl_str_format_internal.a’
Found ‘__exit’, possibly from ‘_exit’ (C), ‘_Exit’ (C)
Object: ‘../tools/dist/lib/libabsl_log_internal_message.a’
Found ‘_abort’, possibly from ‘abort’ (C)
Objects: ‘../tools/dist/lib/libabsl_log_internal_message.a’,
‘../tools/dist/lib/libabsl_raw_logging_internal.a’
Found ‘_exit’, possibly from ‘exit’ (C)
Object: ‘../tools/dist/lib/libabsl_flags_reflection.a’
Compiled code should not call entry points which might terminate R nor
write to stdout/stderr instead of to the console, nor use Fortran I/O
nor system RNGs nor [v]sprintf.
See ‘Writing portable packages’ in the ‘Writing R Extensions’ manual.
Flavor: r-release-macos-x86_64
Version: 1.1.9
Check: installed package size
Result: NOTE
installed size is 39.5Mb
sub-directories of 1Mb or more:
libs 38.4Mb
Flavors: r-oldrel-macos-arm64, r-oldrel-windows-x86_64
Version: 1.1.9
Check: whether package can be installed
Result: ERROR
Installation failed.
Flavor: r-oldrel-macos-x86_64