Last updated on 2025-11-03 11:49:52 CET.
| Flavor | Version | Tinstall | Tcheck | Ttotal | Status | Flags |
|---|---|---|---|---|---|---|
| r-devel-linux-x86_64-debian-clang | 0.2.0 | 13.41 | 66.54 | 79.95 | NOTE | |
| r-devel-linux-x86_64-debian-gcc | 0.2.0 | 8.56 | 46.01 | 54.57 | NOTE | |
| r-devel-linux-x86_64-fedora-clang | 0.2.0 | 53.00 | 78.89 | 131.89 | NOTE | |
| r-devel-linux-x86_64-fedora-gcc | 0.2.0 | 26.00 | 284.37 | 310.37 | NOTE | |
| r-devel-windows-x86_64 | 0.2.0 | 18.00 | 95.00 | 113.00 | NOTE | |
| r-patched-linux-x86_64 | 0.2.0 | 14.15 | 62.51 | 76.66 | NOTE | |
| r-release-linux-x86_64 | 0.2.0 | 13.72 | 62.98 | 76.70 | NOTE | |
| r-release-macos-arm64 | 0.2.0 | 7.00 | 95.00 | 102.00 | NOTE | |
| r-release-macos-x86_64 | 0.2.0 | 14.00 | 169.00 | 183.00 | NOTE | |
| r-release-windows-x86_64 | 0.2.0 | 19.00 | 92.00 | 111.00 | NOTE | |
| r-oldrel-macos-arm64 | 0.2.0 | 7.00 | 86.00 | 93.00 | NOTE | |
| r-oldrel-macos-x86_64 | 0.2.0 | 16.00 | 145.00 | 161.00 | NOTE | |
| r-oldrel-windows-x86_64 | 0.2.0 | 21.00 | 120.00 | 141.00 | NOTE |
Version: 0.2.0
Check: Rd files
Result: NOTE
checkRd: (-1) setData.ReducedRankRegressions.Rd:14-16: Lost braces in \itemize; meant \describe ?
checkRd: (-1) setData.ReducedRankRegressions.Rd:17-18: Lost braces in \itemize; meant \describe ?
Flavors: r-devel-linux-x86_64-debian-clang, r-devel-linux-x86_64-debian-gcc, r-devel-linux-x86_64-fedora-clang, r-devel-linux-x86_64-fedora-gcc, r-devel-windows-x86_64, r-patched-linux-x86_64, r-release-linux-x86_64, r-release-macos-arm64, r-release-macos-x86_64, r-release-windows-x86_64, r-oldrel-macos-arm64, r-oldrel-macos-x86_64, r-oldrel-windows-x86_64
Version: 0.2.0
Check: compiled code
Result: NOTE
File ‘sBIC/libs/sBIC.so’:
Found no calls to: ‘R_registerRoutines’, ‘R_useDynamicSymbols’
It is good practice to register native routines and to disable symbol
search.
See ‘Writing portable packages’ in the ‘Writing R Extensions’ manual.
Flavors: r-devel-linux-x86_64-fedora-clang, r-devel-linux-x86_64-fedora-gcc