Last updated on 2024-06-29 12:48:32 CEST.
Flavor | Version | Tinstall | Tcheck | Ttotal | Status | Flags |
---|---|---|---|---|---|---|
r-devel-linux-x86_64-debian-clang | 1.0.0 | 8.27 | 69.74 | 78.01 | NOTE | |
r-devel-linux-x86_64-debian-gcc | 1.0.0 | 6.42 | 51.58 | 58.00 | NOTE | |
r-devel-linux-x86_64-fedora-clang | 1.0.0 | 97.01 | NOTE | |||
r-devel-linux-x86_64-fedora-gcc | 1.0.0 | 93.84 | NOTE | |||
r-devel-windows-x86_64 | 1.0.0 | 7.00 | 71.00 | 78.00 | NOTE | |
r-patched-linux-x86_64 | 1.0.0 | 7.72 | 65.59 | 73.31 | NOTE | |
r-release-linux-x86_64 | 1.0.0 | 7.48 | 66.96 | 74.44 | NOTE | |
r-release-macos-arm64 | 1.0.0 | 31.00 | NOTE | |||
r-release-macos-x86_64 | 1.0.0 | 45.00 | NOTE | |||
r-release-windows-x86_64 | 1.0.0 | 7.00 | 73.00 | 80.00 | NOTE | |
r-oldrel-macos-arm64 | 1.0.0 | 34.00 | NOTE | |||
r-oldrel-macos-x86_64 | 1.0.0 | 53.00 | NOTE | |||
r-oldrel-windows-x86_64 | 1.0.0 | 9.00 | 83.00 | 92.00 | NOTE |
Version: 1.0.0
Check: LazyData
Result: NOTE
'LazyData' is specified without a 'data' directory
Flavors: r-devel-linux-x86_64-debian-clang, r-devel-linux-x86_64-debian-gcc, r-devel-linux-x86_64-fedora-clang, r-devel-linux-x86_64-fedora-gcc, r-devel-windows-x86_64, r-patched-linux-x86_64, r-release-linux-x86_64, r-release-macos-arm64, r-release-macos-x86_64, r-release-windows-x86_64, r-oldrel-macos-arm64, r-oldrel-macos-x86_64, r-oldrel-windows-x86_64