Last updated on 2025-11-03 23:50:34 CET.
| Flavor | Version | Tinstall | Tcheck | Ttotal | Status | Flags | 
|---|---|---|---|---|---|---|
| r-devel-linux-x86_64-debian-clang | 0.1.0 | 2.43 | 39.54 | 41.97 | OK | |
| r-devel-linux-x86_64-debian-gcc | 0.1.0 | 1.96 | 29.90 | 31.86 | OK | |
| r-devel-linux-x86_64-fedora-clang | 0.1.0 | 14.00 | 53.03 | 67.03 | OK | |
| r-devel-linux-x86_64-fedora-gcc | 0.1.0 | 58.60 | OK | |||
| r-devel-windows-x86_64 | 0.1.0 | 5.00 | 56.00 | 61.00 | OK | |
| r-patched-linux-x86_64 | 0.1.0 | 0.31 | 1.72 | 2.03 | ERROR | |
| r-release-linux-x86_64 | 0.1.0 | 2.74 | 35.30 | 38.04 | OK | |
| r-release-macos-arm64 | 0.1.0 | 1.00 | 20.00 | 21.00 | OK | |
| r-release-macos-x86_64 | 0.1.0 | 2.00 | 33.00 | 35.00 | OK | |
| r-release-windows-x86_64 | 0.1.0 | 5.00 | 56.00 | 61.00 | OK | |
| r-oldrel-macos-arm64 | 0.1.0 | 1.00 | 20.00 | 21.00 | OK | |
| r-oldrel-macos-x86_64 | 0.1.0 | 2.00 | 28.00 | 30.00 | OK | |
| r-oldrel-windows-x86_64 | 0.1.0 | 7.00 | 68.00 | 75.00 | OK | 
Version: 0.1.0
Check: package dependencies
Result: ERROR
  Package required but not available: ‘DESeq2’
  
  See section ‘The DESCRIPTION file’ in the ‘Writing R Extensions’
  manual.
Flavor: r-patched-linux-x86_64