CRAN Package Check Results for Package saeBest

Last updated on 2025-07-12 18:49:52 CEST.

Flavor Version Tinstall Tcheck Ttotal Status Flags
r-devel-linux-x86_64-debian-clang 0.1.0 7.72 59.97 67.69 NOTE
r-devel-linux-x86_64-debian-gcc 0.1.0 5.47 44.82 50.29 NOTE
r-devel-linux-x86_64-fedora-clang 0.1.0 101.15 OK
r-devel-linux-x86_64-fedora-gcc 0.1.0 100.58 OK
r-devel-windows-x86_64 0.1.0 8.00 69.00 77.00 OK
r-patched-linux-x86_64 0.1.0 7.96 57.22 65.18 OK
r-release-linux-x86_64 0.1.0 7.18 56.89 64.07 OK
r-release-macos-arm64 0.1.0 36.00 OK
r-release-macos-x86_64 0.1.0 64.00 OK
r-release-windows-x86_64 0.1.0 8.00 70.00 78.00 OK
r-oldrel-macos-arm64 0.1.0 33.00 OK
r-oldrel-macos-x86_64 0.1.0 50.00 OK
r-oldrel-windows-x86_64 0.1.0 11.00 83.00 94.00 OK

Check Details

Version: 0.1.0
Check: CRAN incoming feasibility
Result: NOTE Maintainer: ‘Sheerin Dahwan Aziz <sheerindahwan@gmail.com>’ No Authors@R field in DESCRIPTION. Please add one, modifying Authors@R: c(person(given = "Azka", family = "Ubaidillah", role = "aut"), person(given = c("Sheerin", "Dahwan"), family = "Aziz", role = c("aut", "cre"), email = "sheerindahwan@gmail.com")) as necessary. Flavors: r-devel-linux-x86_64-debian-clang, r-devel-linux-x86_64-debian-gcc

mirror server hosted at Truenetwork, Russian Federation.