Last updated on 2025-05-28 06:51:38 CEST.
Flavor | Version | Tinstall | Tcheck | Ttotal | Status | Flags |
---|---|---|---|---|---|---|
r-devel-linux-x86_64-debian-clang | 1.2.4 | 6.78 | 189.09 | 195.87 | NOTE | |
r-devel-linux-x86_64-debian-gcc | 1.2.4 | 4.79 | 130.00 | 134.79 | NOTE | |
r-devel-linux-x86_64-fedora-clang | 1.2.4 | 300.66 | OK | |||
r-devel-linux-x86_64-fedora-gcc | 1.2.4 | 308.77 | OK | |||
r-devel-windows-x86_64 | 1.2.4 | 10.00 | 176.00 | 186.00 | OK | |
r-patched-linux-x86_64 | 1.2.4 | 6.59 | 181.05 | 187.64 | OK | |
r-release-linux-x86_64 | 1.2.4 | 5.65 | 180.94 | 186.59 | OK | |
r-release-macos-arm64 | 1.2.4 | 83.00 | OK | |||
r-release-macos-x86_64 | 1.2.4 | 180.00 | OK | |||
r-release-windows-x86_64 | 1.2.4 | 10.00 | 172.00 | 182.00 | OK | |
r-oldrel-macos-arm64 | 1.2.4 | 86.00 | OK | |||
r-oldrel-macos-x86_64 | 1.2.4 | 135.00 | OK | |||
r-oldrel-windows-x86_64 | 1.2.4 | 13.00 | 230.00 | 243.00 | OK |
Version: 1.2.4
Check: CRAN incoming feasibility
Result: NOTE
Maintainer: ‘Arnaud Wolfer <adwolfer@gmail.com>’
The BugReports field in DESCRIPTION has
https://github.com/adwolfer/santaR/issues/new
which should likely be
https://github.com/adwolfer/santaR/issues/new/issues
instead.
Flavors: r-devel-linux-x86_64-debian-clang, r-devel-linux-x86_64-debian-gcc