Last updated on 2024-06-29 12:48:30 CEST.
Flavor | Version | Tinstall | Tcheck | Ttotal | Status | Flags |
---|---|---|---|---|---|---|
r-devel-linux-x86_64-debian-clang | 0.6.15 | 257.61 | 351.66 | 609.27 | OK | |
r-devel-linux-x86_64-debian-gcc | 0.6.15 | 171.49 | 332.49 | 503.98 | OK | |
r-devel-linux-x86_64-fedora-clang | 0.6.15 | 853.20 | OK | |||
r-devel-linux-x86_64-fedora-gcc | 0.6.15 | 833.65 | OK | |||
r-devel-windows-x86_64 | 0.6.15 | 14.00 | 373.00 | 387.00 | NOTE | |
r-patched-linux-x86_64 | 0.6.15 | 209.33 | 363.19 | 572.52 | OK | |
r-release-linux-x86_64 | 0.6.14 | 204.67 | 362.17 | 566.84 | NOTE | |
r-release-macos-arm64 | 0.6.15 | 390.00 | NOTE | |||
r-release-macos-x86_64 | 0.6.15 | 631.00 | NOTE | |||
r-release-windows-x86_64 | 0.6.14 | 15.00 | 420.00 | 435.00 | NOTE | |
r-oldrel-macos-arm64 | 0.6.15 | 423.00 | NOTE | |||
r-oldrel-macos-x86_64 | 0.6.15 | 496.00 | NOTE | |||
r-oldrel-windows-x86_64 | 0.6.15 | 17.00 | 442.00 | 459.00 | NOTE |
Version: 0.6.15
Check: installed package size
Result: NOTE
installed size is 6.6Mb
sub-directories of 1Mb or more:
bin 5.8Mb
Flavors: r-devel-windows-x86_64, r-release-macos-arm64, r-release-macos-x86_64, r-oldrel-macos-arm64, r-oldrel-macos-x86_64, r-oldrel-windows-x86_64
Version: 0.6.14
Check: C++ specification
Result: NOTE
Specified C++11: please drop specification unless essential
Flavor: r-release-linux-x86_64
Version: 0.6.14
Check: installed package size
Result: NOTE
installed size is 6.6Mb
sub-directories of 1Mb or more:
bin 5.8Mb
Flavor: r-release-windows-x86_64