CRAN Package Check Results for Package sbfc

Last updated on 2025-05-28 12:49:46 CEST.

Flavor Version Tinstall Tcheck Ttotal Status Flags
r-devel-linux-x86_64-debian-clang 1.0.3 34.86 75.17 110.03 NOTE
r-devel-linux-x86_64-debian-gcc 1.0.3 27.87 55.97 83.84 NOTE
r-devel-linux-x86_64-fedora-clang 1.0.3 184.86 OK
r-devel-linux-x86_64-fedora-gcc 1.0.3 177.52 OK
r-devel-windows-x86_64 1.0.3 39.00 107.00 146.00 OK
r-patched-linux-x86_64 1.0.3 37.88 75.73 113.61 OK
r-release-linux-x86_64 1.0.3 33.06 74.49 107.55 OK
r-release-macos-arm64 1.0.3 52.00 OK
r-release-macos-x86_64 1.0.3 92.00 OK
r-release-windows-x86_64 1.0.3 40.00 103.00 143.00 OK
r-oldrel-macos-arm64 1.0.3 57.00 NOTE
r-oldrel-macos-x86_64 1.0.3 90.00 NOTE
r-oldrel-windows-x86_64 1.0.3 48.00 134.00 182.00 OK

Check Details

Version: 1.0.3
Check: CRAN incoming feasibility
Result: NOTE Maintainer: ‘Viktoriya Krakovna <vkrakovna@gmail.com>’ No Authors@R field in DESCRIPTION. Please add one, modifying Authors@R: person(given = "Viktoriya", family = "Krakovna", role = c("aut", "cre"), email = "vkrakovna@gmail.com") as necessary. The Description field contains (2015), <arXiv:1506.02371>. Please refer to arXiv e-prints via their arXiv DOI <doi:10.48550/arXiv.YYMM.NNNNN>. Flavors: r-devel-linux-x86_64-debian-clang, r-devel-linux-x86_64-debian-gcc

Version: 1.0.3
Check: installed package size
Result: NOTE installed size is 5.4Mb sub-directories of 1Mb or more: data 2.3Mb libs 3.0Mb Flavors: r-oldrel-macos-arm64, r-oldrel-macos-x86_64

mirror server hosted at Truenetwork, Russian Federation.