CRAN Package Check Results for Package sbo

Last updated on 2025-05-28 12:49:46 CEST.

Flavor Version Tinstall Tcheck Ttotal Status Flags
r-devel-linux-x86_64-debian-clang 0.5.0 66.22 139.61 205.83 NOTE
r-devel-linux-x86_64-debian-gcc 0.5.0 47.92 97.40 145.32 NOTE
r-devel-linux-x86_64-fedora-clang 0.5.0 359.63 NOTE
r-devel-linux-x86_64-fedora-gcc 0.5.0 346.81 NOTE
r-devel-windows-x86_64 0.5.0 83.00 163.00 246.00 NOTE
r-patched-linux-x86_64 0.5.0 67.53 132.65 200.18 NOTE
r-release-linux-x86_64 0.5.0 62.32 132.26 194.58 NOTE
r-release-macos-arm64 0.5.0 103.00 NOTE
r-release-macos-x86_64 0.5.0 205.00 NOTE
r-release-windows-x86_64 0.5.0 77.00 161.00 238.00 NOTE
r-oldrel-macos-arm64 0.5.0 106.00 NOTE
r-oldrel-macos-x86_64 0.5.0 154.00 NOTE
r-oldrel-windows-x86_64 0.5.0 92.00 212.00 304.00 NOTE

Check Details

Version: 0.5.0
Check: CRAN incoming feasibility
Result: NOTE Maintainer: ‘Valerio Gherardi <vgherard@sissa.it>’ No Authors@R field in DESCRIPTION. Please add one, modifying Authors@R: person(given = "Valerio", family = "Gherardi", role = c("aut", "cre"), email = "vgherard@sissa.it") as necessary. Flavors: r-devel-linux-x86_64-debian-clang, r-devel-linux-x86_64-debian-gcc

Version: 0.5.0
Check: C++ specification
Result: NOTE Specified C++11: please drop specification unless essential Flavors: r-devel-linux-x86_64-debian-clang, r-devel-linux-x86_64-debian-gcc, r-devel-linux-x86_64-fedora-clang, r-devel-linux-x86_64-fedora-gcc, r-devel-windows-x86_64, r-patched-linux-x86_64, r-release-linux-x86_64, r-release-macos-arm64, r-release-macos-x86_64, r-release-windows-x86_64, r-oldrel-macos-arm64, r-oldrel-macos-x86_64, r-oldrel-windows-x86_64

Version: 0.5.0
Check: installed package size
Result: NOTE installed size is 8.7Mb sub-directories of 1Mb or more: data 4.9Mb libs 3.5Mb Flavors: r-oldrel-macos-arm64, r-oldrel-macos-x86_64, r-oldrel-windows-x86_64

mirror server hosted at Truenetwork, Russian Federation.