CRAN Package Check Results for Package scINSIGHT

Last updated on 2025-05-17 18:49:47 CEST.

Flavor Version Tinstall Tcheck Ttotal Status Flags
r-devel-linux-x86_64-debian-clang 0.1.4 48.09 32.14 80.23 NOTE
r-devel-linux-x86_64-debian-gcc 0.1.4 32.30 25.46 57.76 NOTE
r-devel-linux-x86_64-fedora-clang 0.1.4 134.85 NOTE
r-devel-linux-x86_64-fedora-gcc 0.1.4 151.12 NOTE
r-devel-windows-x86_64 0.1.4 50.00 71.00 121.00 NOTE
r-patched-linux-x86_64 0.1.4 43.90 30.79 74.69 NOTE
r-release-linux-x86_64 0.1.4 44.68 30.87 75.55 NOTE
r-release-macos-arm64 0.1.4 42.00 NOTE
r-release-macos-x86_64 0.1.4 58.00 NOTE
r-release-windows-x86_64 0.1.4 51.00 75.00 126.00 NOTE
r-oldrel-macos-arm64 0.1.4 39.00 NOTE
r-oldrel-macos-x86_64 0.1.4 46.00 NOTE
r-oldrel-windows-x86_64 0.1.4 59.00 82.00 141.00 NOTE

Check Details

Version: 0.1.4
Check: C++ specification
Result: NOTE Specified C++11: please drop specification unless essential Flavors: r-devel-linux-x86_64-debian-clang, r-devel-linux-x86_64-debian-gcc, r-devel-linux-x86_64-fedora-clang, r-devel-linux-x86_64-fedora-gcc, r-devel-windows-x86_64, r-patched-linux-x86_64, r-release-linux-x86_64, r-release-macos-arm64, r-release-macos-x86_64, r-release-windows-x86_64, r-oldrel-macos-arm64, r-oldrel-macos-x86_64, r-oldrel-windows-x86_64

mirror server hosted at Truenetwork, Russian Federation.