CRAN Package Check Results for Package scRNAtools

Last updated on 2025-07-13 00:48:40 CEST.

Flavor Version Tinstall Tcheck Ttotal Status Flags
r-devel-linux-x86_64-debian-clang 1.0 19.06 146.35 165.41 NOTE
r-devel-linux-x86_64-debian-gcc 1.0 13.05 102.04 115.09 NOTE
r-devel-linux-x86_64-fedora-clang 1.0 268.38 NOTE
r-devel-linux-x86_64-fedora-gcc 1.0 261.63 NOTE
r-devel-windows-x86_64 1.0 18.00 144.00 162.00 OK
r-patched-linux-x86_64 1.0 16.86 140.87 157.73 NOTE
r-release-linux-x86_64 1.0 15.59 139.24 154.83 NOTE
r-release-macos-arm64 1.0 69.00 OK
r-release-macos-x86_64 1.0 119.00 OK
r-release-windows-x86_64 1.0 20.00 153.00 173.00 OK
r-oldrel-macos-arm64 1.0 64.00 OK
r-oldrel-macos-x86_64 1.0 100.00 OK
r-oldrel-windows-x86_64 1.0 25.00 181.00 206.00 OK

Check Details

Version: 1.0
Check: CRAN incoming feasibility
Result: NOTE Maintainer: ‘Qian Yang <bioqianyang@163.com>’ No Authors@R field in DESCRIPTION. Please add one, modifying Authors@R: person(given = "Qian", family = "Yang", role = c("aut", "cre"), email = "bioqianyang@163.com") as necessary. Flavors: r-devel-linux-x86_64-debian-clang, r-devel-linux-x86_64-debian-gcc

Version: 1.0
Check: for non-standard things in the check directory
Result: NOTE Found the following files/directories: ‘untitled_consensus_cluster’ Flavors: r-devel-linux-x86_64-debian-clang, r-devel-linux-x86_64-debian-gcc, r-devel-linux-x86_64-fedora-clang, r-devel-linux-x86_64-fedora-gcc, r-patched-linux-x86_64, r-release-linux-x86_64

mirror server hosted at Truenetwork, Russian Federation.