Last updated on 2025-11-03 11:49:52 CET.
| Flavor | Version | Tinstall | Tcheck | Ttotal | Status | Flags |
|---|---|---|---|---|---|---|
| r-devel-linux-x86_64-debian-clang | 1.0.0.0 | 1.99 | 22.95 | 24.94 | OK | |
| r-devel-linux-x86_64-debian-gcc | 1.0.0.0 | 1.54 | 18.79 | 20.33 | OK | |
| r-devel-linux-x86_64-fedora-clang | 1.0.0.0 | 37.77 | OK | |||
| r-devel-linux-x86_64-fedora-gcc | 1.0.0.0 | 35.52 | OK | |||
| r-devel-windows-x86_64 | 1.0.0.0 | 3.00 | 40.00 | 43.00 | OK | |
| r-patched-linux-x86_64 | 1.0.0.0 | 2.06 | 22.02 | 24.08 | OK | |
| r-release-linux-x86_64 | 1.0.0.0 | 1.82 | 21.67 | 23.49 | OK | |
| r-release-macos-arm64 | 1.0.0.0 | 1.00 | 23.00 | 24.00 | OK | |
| r-release-macos-x86_64 | 1.0.0.0 | 2.00 | 25.00 | 27.00 | OK | |
| r-release-windows-x86_64 | 1.0.0.0 | 3.00 | 38.00 | 41.00 | OK | |
| r-oldrel-macos-arm64 | 1.0.0.0 | 1.00 | 13.00 | 14.00 | NOTE | |
| r-oldrel-macos-x86_64 | 1.0.0.0 | 2.00 | 20.00 | 22.00 | NOTE | |
| r-oldrel-windows-x86_64 | 1.0.0.0 | 3.00 | 46.00 | 49.00 | NOTE |
Version: 1.0.0.0
Check: LazyData
Result: NOTE
'LazyData' is specified without a 'data' directory
Flavors: r-oldrel-macos-arm64, r-oldrel-macos-x86_64, r-oldrel-windows-x86_64