Last updated on 2025-05-17 18:49:47 CEST.
Flavor | Version | Tinstall | Tcheck | Ttotal | Status | Flags |
---|---|---|---|---|---|---|
r-devel-linux-x86_64-debian-clang | 1.0.0.0 | 1.94 | 21.19 | 23.13 | OK | |
r-devel-linux-x86_64-debian-gcc | 1.0.0.0 | 1.57 | 16.39 | 17.96 | OK | |
r-devel-linux-x86_64-fedora-clang | 1.0.0.0 | 36.77 | OK | |||
r-devel-linux-x86_64-fedora-gcc | 1.0.0.0 | 34.90 | OK | |||
r-devel-windows-x86_64 | 1.0.0.0 | 3.00 | 48.00 | 51.00 | OK | |
r-patched-linux-x86_64 | 1.0.0.0 | 1.96 | 20.49 | 22.45 | OK | |
r-release-linux-x86_64 | 1.0.0.0 | 1.81 | 19.94 | 21.75 | OK | |
r-release-macos-arm64 | 1.0.0.0 | 24.00 | OK | |||
r-release-macos-x86_64 | 1.0.0.0 | 27.00 | OK | |||
r-release-windows-x86_64 | 1.0.0.0 | 3.00 | 41.00 | 44.00 | OK | |
r-oldrel-macos-arm64 | 1.0.0.0 | 14.00 | NOTE | |||
r-oldrel-macos-x86_64 | 1.0.0.0 | 22.00 | NOTE | |||
r-oldrel-windows-x86_64 | 1.0.0.0 | 3.00 | 45.00 | 48.00 | NOTE |
Version: 1.0.0.0
Check: LazyData
Result: NOTE
'LazyData' is specified without a 'data' directory
Flavors: r-oldrel-macos-arm64, r-oldrel-macos-x86_64, r-oldrel-windows-x86_64