CRAN Package Check Results for Package sccore

Last updated on 2025-02-22 11:51:41 CET.

Flavor Version Tinstall Tcheck Ttotal Status Flags
r-devel-linux-x86_64-debian-clang 1.0.5 41.50 61.06 102.56 OK
r-devel-linux-x86_64-debian-gcc 1.0.5 31.73 43.84 75.57 OK
r-devel-macos-arm64 1.0.5 44.00 OK
r-devel-macos-x86_64 1.0.5 81.00 OK
r-devel-windows-x86_64 1.0.5 52.00 100.00 152.00 OK
r-patched-linux-x86_64 1.0.5 43.45 56.71 100.16 OK
r-release-linux-x86_64 1.0.5 44.16 57.72 101.88 OK
r-release-macos-arm64 1.0.5 46.00 NOTE
r-release-macos-x86_64 1.0.5 66.00 NOTE
r-release-windows-x86_64 1.0.5 54.00 102.00 156.00 OK
r-oldrel-macos-arm64 1.0.5 50.00 NOTE
r-oldrel-macos-x86_64 1.0.5 88.00 NOTE
r-oldrel-windows-x86_64 1.0.5 64.00 117.00 181.00 OK

Check Details

Version: 1.0.5
Check: installed package size
Result: NOTE installed size is 5.6Mb sub-directories of 1Mb or more: libs 4.8Mb Flavors: r-release-macos-arm64, r-release-macos-x86_64, r-oldrel-macos-arm64, r-oldrel-macos-x86_64

mirror server hosted at Truenetwork, Russian Federation.