Last updated on 2024-06-27 00:56:15 CEST.
Flavor | Version | Tinstall | Tcheck | Ttotal | Status | Flags |
---|---|---|---|---|---|---|
r-devel-linux-x86_64-debian-clang | 1.0.2 | NOTE | ||||
r-devel-linux-x86_64-debian-gcc | 1.0.2 | 4.31 | 35.51 | 39.82 | NOTE | |
r-devel-linux-x86_64-fedora-clang | 1.0.2 | 65.52 | NOTE | |||
r-devel-linux-x86_64-fedora-gcc | 1.0.2 | 62.69 | NOTE | |||
r-devel-windows-x86_64 | 1.0.2 | 5.00 | 62.00 | 67.00 | NOTE | |
r-patched-linux-x86_64 | 1.0.2 | 6.58 | 48.98 | 55.56 | ERROR | |
r-release-linux-x86_64 | 1.0.2 | 6.39 | 45.96 | 52.35 | NOTE | |
r-release-macos-arm64 | 1.0.2 | 20.00 | NOTE | |||
r-release-macos-x86_64 | 1.0.2 | 51.00 | NOTE | |||
r-release-windows-x86_64 | 1.0.2 | 6.00 | 62.00 | 68.00 | NOTE | |
r-oldrel-macos-arm64 | 1.0.2 | 25.00 | NOTE | |||
r-oldrel-macos-x86_64 | 1.0.2 | 35.00 | NOTE | |||
r-oldrel-windows-x86_64 | 1.0.2 | 8.00 | 81.00 | 89.00 | NOTE |
Version: 1.0.2
Check: Rd files
Result: NOTE
checkRd: (-1) scdensity.Rd:119-120: Lost braces in \itemize; meant \describe ?
checkRd: (-1) scdensity.Rd:121-123: Lost braces in \itemize; meant \describe ?
checkRd: (-1) scdensity.Rd:124-126: Lost braces in \itemize; meant \describe ?
checkRd: (-1) scdensity.Rd:127-130: Lost braces in \itemize; meant \describe ?
checkRd: (-1) scdensity.Rd:131-135: Lost braces in \itemize; meant \describe ?
checkRd: (-1) scdensity.Rd:136-138: Lost braces in \itemize; meant \describe ?
checkRd: (-1) scdensity.Rd:139-142: Lost braces in \itemize; meant \describe ?
checkRd: (-1) scdensity.Rd:143-144: Lost braces in \itemize; meant \describe ?
checkRd: (-1) scdensity.Rd:145-147: Lost braces in \itemize; meant \describe ?
Flavors: r-devel-linux-x86_64-debian-clang, r-devel-linux-x86_64-debian-gcc, r-devel-linux-x86_64-fedora-clang, r-devel-linux-x86_64-fedora-gcc, r-devel-windows-x86_64, r-patched-linux-x86_64, r-release-linux-x86_64, r-release-macos-arm64, r-release-macos-x86_64, r-release-windows-x86_64
Version: 1.0.2
Check: LazyData
Result: NOTE
'LazyData' is specified without a 'data' directory
Flavors: r-devel-linux-x86_64-debian-clang, r-devel-linux-x86_64-debian-gcc, r-devel-linux-x86_64-fedora-clang, r-devel-linux-x86_64-fedora-gcc, r-devel-windows-x86_64, r-patched-linux-x86_64, r-release-linux-x86_64, r-release-macos-arm64, r-release-macos-x86_64, r-release-windows-x86_64, r-oldrel-macos-arm64, r-oldrel-macos-x86_64, r-oldrel-windows-x86_64
Version: 1.0.2
Check: tests
Result: ERROR
Running ‘testthat.R’ [10s/11s]
Running the tests in ‘tests/testthat.R’ failed.
Complete output:
> library(testthat)
> library(scdensity)
>
> test_check("scdensity")
[ FAIL 1 | WARN 0 | SKIP 2 | PASS 42 ]
══ Skipped tests (2) ═══════════════════════════════════════════════════════════
• On CRAN (2): 'testScdensity.R:38:3', 'testScdensity.R:92:3'
══ Failed tests ════════════════════════════════════════════════════════════════
── Failure ('testSharpenedKDE.R:43:3'): improve returns a warning if maxpasses is too small. ──
`improve(y0, x, confun, tol = tol, maxpasses = 3)` did not produce any warnings.
[ FAIL 1 | WARN 0 | SKIP 2 | PASS 42 ]
Error: Test failures
Execution halted
Flavor: r-patched-linux-x86_64