Last updated on 2025-11-03 11:49:52 CET.
| Flavor | Version | Tinstall | Tcheck | Ttotal | Status | Flags |
|---|---|---|---|---|---|---|
| r-devel-linux-x86_64-debian-clang | 1.2.0 | 34.50 | 126.88 | 161.38 | OK | |
| r-devel-linux-x86_64-debian-gcc | 1.2.0 | 26.91 | 90.92 | 117.83 | OK | |
| r-devel-linux-x86_64-fedora-clang | 1.2.0 | 120.00 | 158.55 | 278.55 | NOTE | |
| r-devel-linux-x86_64-fedora-gcc | 1.2.0 | 71.00 | 181.17 | 252.17 | NOTE | |
| r-devel-windows-x86_64 | 1.2.0 | 46.00 | 138.00 | 184.00 | OK | |
| r-patched-linux-x86_64 | 1.2.0 | 36.75 | 119.44 | 156.19 | OK | |
| r-release-linux-x86_64 | 1.2.0 | 0.32 | 1.87 | 2.19 | ERROR | |
| r-release-macos-arm64 | 1.2.0 | 14.00 | 40.00 | 54.00 | OK | |
| r-release-macos-x86_64 | 1.2.0 | 34.00 | 98.00 | 132.00 | OK | |
| r-release-windows-x86_64 | 1.2.0 | 47.00 | 135.00 | 182.00 | OK | |
| r-oldrel-macos-arm64 | 1.2.0 | 8.00 | 31.00 | 39.00 | NOTE | |
| r-oldrel-macos-x86_64 | 1.2.0 | 13.00 | 53.00 | 66.00 | NOTE | |
| r-oldrel-windows-x86_64 | 1.2.0 | 59.00 | 179.00 | 238.00 | NOTE |
Version: 1.2.0
Check: dependencies in R code
Result: NOTE
Namespace in Imports field not imported from: ‘Rcpp’
All declared Imports should be used.
Flavors: r-devel-linux-x86_64-fedora-clang, r-devel-linux-x86_64-fedora-gcc
Version: 1.2.0
Check: package dependencies
Result: ERROR
Package required but not available: ‘ggtree’
See section ‘The DESCRIPTION file’ in the ‘Writing R Extensions’
manual.
Flavor: r-release-linux-x86_64
Version: 1.2.0
Check: for GNU extensions in Makefiles
Result: NOTE
GNU make is a SystemRequirements.
Flavors: r-oldrel-macos-arm64, r-oldrel-macos-x86_64, r-oldrel-windows-x86_64