CRAN Package Check Results for Package scriptexec

Last updated on 2025-11-24 11:50:19 CET.

Flavor Version Tinstall Tcheck Ttotal Status Flags
r-devel-linux-x86_64-debian-clang 0.3.1 1.70 30.50 32.20 NOTE
r-devel-linux-x86_64-debian-gcc 0.3.1 1.43 24.27 25.70 NOTE
r-devel-linux-x86_64-fedora-clang 0.3.1 48.88 OK
r-devel-linux-x86_64-fedora-gcc 0.3.1 59.82 OK
r-devel-windows-x86_64 0.3.1 4.00 59.00 63.00 OK
r-patched-linux-x86_64 0.3.1 1.87 28.05 29.92 OK
r-release-linux-x86_64 0.3.1 1.78 27.16 28.94 OK
r-release-macos-arm64 0.3.1 OK
r-release-macos-x86_64 0.3.1 2.00 41.00 43.00 OK
r-release-windows-x86_64 0.3.1 3.00 121.00 124.00 OK
r-oldrel-macos-arm64 0.3.1 OK
r-oldrel-macos-x86_64 0.3.1 1.00 35.00 36.00 OK
r-oldrel-windows-x86_64 0.3.1 5.00 70.00 75.00 OK

Check Details

Version: 0.3.1
Check: CRAN incoming feasibility
Result: NOTE Maintainer: ‘Sagie Gur-Ari <sagiegurari@gmail.com>’ Found the following (possibly) invalid file URIs: URI: docs/api.md From: README.md URI: .github/CONTRIBUTING.md From: README.md Flavors: r-devel-linux-x86_64-debian-clang, r-devel-linux-x86_64-debian-gcc

mirror server hosted at Truenetwork, Russian Federation.