Last updated on 2025-11-03 11:49:52 CET.
| Flavor | Version | Tinstall | Tcheck | Ttotal | Status | Flags |
|---|---|---|---|---|---|---|
| r-devel-linux-x86_64-debian-clang | 0.2.0 | 4.84 | 45.91 | 50.75 | NOTE | |
| r-devel-linux-x86_64-debian-gcc | 0.2.0 | 3.52 | 33.02 | 36.54 | NOTE | |
| r-devel-linux-x86_64-fedora-clang | 0.2.0 | 12.00 | 65.92 | 77.92 | NOTE | |
| r-devel-linux-x86_64-fedora-gcc | 0.2.0 | 12.00 | 62.50 | 74.50 | NOTE | |
| r-devel-windows-x86_64 | 0.2.0 | 7.00 | 61.00 | 68.00 | NOTE | |
| r-patched-linux-x86_64 | 0.2.0 | 5.75 | 43.21 | 48.96 | NOTE | |
| r-release-linux-x86_64 | 0.2.0 | 5.30 | 43.10 | 48.40 | NOTE | |
| r-release-macos-arm64 | 0.2.0 | 2.00 | 21.00 | 23.00 | NOTE | |
| r-release-macos-x86_64 | 0.2.0 | 3.00 | 34.00 | 37.00 | NOTE | |
| r-release-windows-x86_64 | 0.2.0 | 8.00 | 61.00 | 69.00 | NOTE | |
| r-oldrel-macos-arm64 | 0.2.0 | 2.00 | 22.00 | 24.00 | NOTE | |
| r-oldrel-macos-x86_64 | 0.2.0 | 3.00 | 33.00 | 36.00 | NOTE | |
| r-oldrel-windows-x86_64 | 0.2.0 | 9.00 | 75.00 | 84.00 | NOTE |
Version: 0.2.0
Check: Rd files
Result: NOTE
checkRd: (-1) geom_flat_violin.Rd:7: Lost braces
7 | url{https://gist.github.com/dgrtwo/eb7750e74997891d7c20}
| ^
Flavors: r-devel-linux-x86_64-debian-clang, r-devel-linux-x86_64-debian-gcc, r-devel-linux-x86_64-fedora-clang, r-devel-linux-x86_64-fedora-gcc, r-devel-windows-x86_64, r-patched-linux-x86_64, r-release-linux-x86_64, r-release-macos-arm64, r-release-macos-x86_64, r-release-windows-x86_64, r-oldrel-macos-arm64, r-oldrel-macos-x86_64, r-oldrel-windows-x86_64