Last updated on 2025-11-03 11:49:52 CET.
| Flavor | Version | Tinstall | Tcheck | Ttotal | Status | Flags |
|---|---|---|---|---|---|---|
| r-devel-linux-x86_64-debian-clang | 0.1.10 | 111.67 | 60.99 | 172.66 | NOTE | |
| r-devel-linux-x86_64-debian-gcc | 0.1.10 | 71.04 | 44.46 | 115.50 | NOTE | |
| r-devel-linux-x86_64-fedora-clang | 0.1.10 | 204.00 | 99.65 | 303.65 | OK | |
| r-devel-linux-x86_64-fedora-gcc | 0.1.10 | 149.00 | 142.40 | 291.40 | OK | |
| r-devel-windows-x86_64 | 0.1.10 | 119.00 | 360.00 | 479.00 | OK | |
| r-patched-linux-x86_64 | 0.1.10 | 111.29 | 58.59 | 169.88 | OK | |
| r-release-linux-x86_64 | 0.1.10 | 112.42 | 57.74 | 170.16 | OK | |
| r-release-macos-arm64 | 0.1.10 | 38.00 | 29.00 | 67.00 | OK | |
| r-release-macos-x86_64 | 0.1.10 | 41.00 | 50.00 | 91.00 | OK | |
| r-release-windows-x86_64 | 0.1.10 | 112.00 | 104.00 | 216.00 | OK | |
| r-oldrel-macos-arm64 | 0.1.10 | 39.00 | 29.00 | 68.00 | NOTE | |
| r-oldrel-macos-x86_64 | 0.1.10 | 32.00 | 44.00 | 76.00 | NOTE | |
| r-oldrel-windows-x86_64 | 0.1.10 | 140.00 | 130.00 | 270.00 | OK |
Version: 0.1.10
Check: CRAN incoming feasibility
Result: NOTE
Maintainer: ‘Eduardo García-Portugués <edgarcia@est-econ.uc3m.es>’
The BugReports field in DESCRIPTION has
https://github.com/egarpor/sdetorus
which should likely be
https://github.com/egarpor/sdetorus/issues
instead.
Flavors: r-devel-linux-x86_64-debian-clang, r-devel-linux-x86_64-debian-gcc
Version: 0.1.10
Check: installed package size
Result: NOTE
installed size is 9.7Mb
sub-directories of 1Mb or more:
libs 8.8Mb
Flavors: r-oldrel-macos-arm64, r-oldrel-macos-x86_64