CRAN Package Check Results for Package seAMLess

Last updated on 2025-07-09 18:54:52 CEST.

Flavor Version Tinstall Tcheck Ttotal Status Flags
r-devel-linux-x86_64-debian-clang 0.1.1 2.98 26.72 29.70 OK
r-devel-linux-x86_64-debian-gcc 0.1.1 2.37 21.23 23.60 OK
r-devel-linux-x86_64-fedora-clang 0.1.1 47.45 OK
r-devel-linux-x86_64-fedora-gcc 0.1.1 44.61 OK
r-devel-windows-x86_64 0.1.1 5.00 47.00 52.00 OK
r-patched-linux-x86_64 0.1.1 2.47 24.41 26.88 OK
r-release-linux-x86_64 0.1.1 2.90 24.78 27.68 OK
r-release-macos-arm64 0.1.1 20.00 OK
r-release-macos-x86_64 0.1.1 30.00 OK
r-release-windows-x86_64 0.1.1 5.00 47.00 52.00 OK
r-oldrel-macos-arm64 0.1.1 22.00 NOTE
r-oldrel-macos-x86_64 0.1.1 30.00 NOTE
r-oldrel-windows-x86_64 0.1.1 7.00 52.00 59.00 NOTE

Check Details

Version: 0.1.1
Check: package dependencies
Result: NOTE Packages suggested but not available for checking: 'MuSiC', 'seAMLessData' Flavors: r-oldrel-macos-arm64, r-oldrel-macos-x86_64, r-oldrel-windows-x86_64

mirror server hosted at Truenetwork, Russian Federation.