CRAN Package Check Results for Package segmag

Last updated on 2025-05-28 12:49:46 CEST.

Flavor Version Tinstall Tcheck Ttotal Status Flags
r-devel-linux-x86_64-debian-clang 1.2.4 14.49 25.65 40.14 OK
r-devel-linux-x86_64-debian-gcc 1.2.4 9.56 20.16 29.72 OK
r-devel-linux-x86_64-fedora-clang 1.2.4 71.89 NOTE
r-devel-linux-x86_64-fedora-gcc 1.2.4 62.61 NOTE
r-devel-windows-x86_64 1.2.4 18.00 63.00 81.00 OK
r-patched-linux-x86_64 1.2.4 13.63 24.57 38.20 OK
r-release-linux-x86_64 1.2.4 13.42 24.69 38.11 OK
r-release-macos-arm64 1.2.4 28.00 OK
r-release-macos-x86_64 1.2.4 36.00 OK
r-release-windows-x86_64 1.2.4 19.00 66.00 85.00 OK
r-oldrel-macos-arm64 1.2.4 22.00 OK
r-oldrel-macos-x86_64 1.2.4 31.00 OK
r-oldrel-windows-x86_64 1.2.4 22.00 72.00 94.00 OK

Check Details

Version: 1.2.4
Check: compiled code
Result: NOTE File ‘segmag/libs/segmag.so’: Found no calls to: ‘R_registerRoutines’, ‘R_useDynamicSymbols’ It is good practice to register native routines and to disable symbol search. See ‘Writing portable packages’ in the ‘Writing R Extensions’ manual. Flavors: r-devel-linux-x86_64-fedora-clang, r-devel-linux-x86_64-fedora-gcc

mirror server hosted at Truenetwork, Russian Federation.