Last updated on 2025-11-04 05:51:25 CET.
| Flavor | Version | Tinstall | Tcheck | Ttotal | Status | Flags | 
|---|---|---|---|---|---|---|
| r-devel-linux-x86_64-debian-clang | 0.8.5 | 23.25 | 214.67 | 237.92 | NOTE | |
| r-devel-linux-x86_64-debian-gcc | 0.8.5 | 13.22 | 145.17 | 158.39 | NOTE | |
| r-devel-linux-x86_64-fedora-clang | 0.8.5 | 43.00 | 333.56 | 376.56 | NOTE | |
| r-devel-linux-x86_64-fedora-gcc | 0.8.5 | 40.00 | 349.32 | 389.32 | NOTE | |
| r-devel-windows-x86_64 | 0.8.5 | 27.00 | 212.00 | 239.00 | NOTE | |
| r-patched-linux-x86_64 | 0.8.5 | 22.11 | 205.98 | 228.09 | NOTE | |
| r-release-linux-x86_64 | 0.8.5 | 19.18 | 206.48 | 225.66 | NOTE | |
| r-release-macos-arm64 | 0.8.5 | 10.00 | 93.00 | 103.00 | NOTE | |
| r-release-macos-x86_64 | 0.8.5 | 21.00 | 224.00 | 245.00 | NOTE | |
| r-release-windows-x86_64 | 0.8.5 | 25.00 | 206.00 | 231.00 | NOTE | |
| r-oldrel-macos-arm64 | 0.8.5 | 8.00 | 90.00 | 98.00 | NOTE | |
| r-oldrel-macos-x86_64 | 0.8.5 | 14.00 | 194.00 | 208.00 | NOTE | |
| r-oldrel-windows-x86_64 | 0.8.5 | 34.00 | 290.00 | 324.00 | NOTE | 
Version: 0.8.5
Check: CRAN incoming feasibility
Result: NOTE
  Maintainer: ‘Gustavo Paterno <paternogbc@gmail.com>’
  
  Package CITATION file contains call(s) to old-style personList() or
  as.personList().  Please use c() on person objects instead.
  Package CITATION file contains call(s) to old-style citEntry().  Please
  use bibentry() instead.
Flavors: r-devel-linux-x86_64-debian-clang, r-devel-linux-x86_64-debian-gcc
Version: 0.8.5
Check: Rd files
Result: NOTE
  checkRd: (-1) match_dataphy.Rd:37-38: Lost braces in \itemize; meant \describe ?
  checkRd: (-1) match_dataphy.Rd:39-41: Lost braces in \itemize; meant \describe ?
  checkRd: (-1) match_dataphy.Rd:42-44: Lost braces in \itemize; meant \describe ?
Flavors: r-devel-linux-x86_64-debian-clang, r-devel-linux-x86_64-debian-gcc, r-devel-linux-x86_64-fedora-clang, r-devel-linux-x86_64-fedora-gcc, r-devel-windows-x86_64, r-patched-linux-x86_64, r-release-linux-x86_64, r-release-macos-arm64, r-release-macos-x86_64, r-release-windows-x86_64, r-oldrel-macos-arm64, r-oldrel-macos-x86_64, r-oldrel-windows-x86_64