Last updated on 2024-06-30 00:59:26 CEST.
Flavor | Version | Tinstall | Tcheck | Ttotal | Status | Flags |
---|---|---|---|---|---|---|
r-devel-linux-x86_64-debian-clang | 1.0.0 | 103.94 | 232.43 | 336.37 | NOTE | |
r-devel-linux-x86_64-debian-gcc | 1.0.0 | 68.68 | 185.25 | 253.93 | NOTE | |
r-devel-linux-x86_64-fedora-clang | 1.0.0 | 457.67 | NOTE | |||
r-devel-linux-x86_64-fedora-gcc | 1.0.0 | 443.18 | NOTE | |||
r-devel-windows-x86_64 | 1.0.0 | 84.00 | 199.00 | 283.00 | NOTE | |
r-patched-linux-x86_64 | 1.0.0 | 74.02 | 233.88 | 307.90 | NOTE | |
r-release-linux-x86_64 | 1.0.0 | 64.66 | 230.99 | 295.65 | NOTE | |
r-release-macos-arm64 | 1.0.0 | 113.00 | NOTE | |||
r-release-macos-x86_64 | 1.0.0 | 157.00 | NOTE | |||
r-release-windows-x86_64 | 1.0.0 | 84.00 | 205.00 | 289.00 | NOTE | |
r-oldrel-macos-arm64 | 1.0.0 | 146.00 | NOTE | |||
r-oldrel-macos-x86_64 | 1.0.0 | 211.00 | NOTE | |||
r-oldrel-windows-x86_64 | 1.0.0 | 105.00 | 268.00 | 373.00 | NOTE |
Version: 1.0.0
Check: C++ specification
Result: NOTE
Specified C++11: please drop specification unless essential
Flavors: r-devel-linux-x86_64-debian-clang, r-devel-linux-x86_64-debian-gcc, r-devel-linux-x86_64-fedora-clang, r-devel-linux-x86_64-fedora-gcc, r-devel-windows-x86_64, r-patched-linux-x86_64, r-release-linux-x86_64, r-release-macos-arm64, r-release-macos-x86_64, r-release-windows-x86_64, r-oldrel-macos-arm64, r-oldrel-macos-x86_64, r-oldrel-windows-x86_64
Version: 1.0.0
Check: for GNU extensions in Makefiles
Result: NOTE
GNU make is a SystemRequirements.
Flavors: r-devel-linux-x86_64-debian-clang, r-devel-linux-x86_64-debian-gcc, r-devel-linux-x86_64-fedora-clang, r-devel-linux-x86_64-fedora-gcc, r-devel-windows-x86_64, r-patched-linux-x86_64, r-release-linux-x86_64, r-release-macos-arm64, r-release-macos-x86_64, r-release-windows-x86_64, r-oldrel-macos-arm64, r-oldrel-macos-x86_64, r-oldrel-windows-x86_64
Version: 1.0.0
Check: data for non-ASCII characters
Result: NOTE
Note: found 4436 marked UTF-8 strings
Flavors: r-devel-linux-x86_64-fedora-clang, r-devel-linux-x86_64-fedora-gcc
Version: 1.0.0
Check: installed package size
Result: NOTE
installed size is 7.6Mb
sub-directories of 1Mb or more:
data 2.3Mb
libs 4.1Mb
Flavors: r-release-macos-arm64, r-release-macos-x86_64, r-oldrel-macos-arm64, r-oldrel-macos-x86_64