Last updated on 2024-06-29 12:48:31 CEST.
Flavor | Version | Tinstall | Tcheck | Ttotal | Status | Flags |
---|---|---|---|---|---|---|
r-devel-linux-x86_64-debian-clang | 1.2 | 9.41 | 97.18 | 106.59 | OK | |
r-devel-linux-x86_64-debian-gcc | 1.2 | 7.70 | 70.73 | 78.43 | OK | |
r-devel-linux-x86_64-fedora-clang | 1.2 | 133.44 | OK | |||
r-devel-linux-x86_64-fedora-gcc | 1.2 | 141.30 | OK | |||
r-devel-windows-x86_64 | 1.2 | 9.00 | 92.00 | 101.00 | OK | |
r-patched-linux-x86_64 | 1.2 | 10.62 | 91.67 | 102.29 | OK | |
r-release-linux-x86_64 | 1.2 | 9.42 | 92.12 | 101.54 | OK | |
r-release-macos-arm64 | 1.2 | 43.00 | OK | |||
r-release-macos-x86_64 | 1.2 | 66.00 | WARN | |||
r-release-windows-x86_64 | 1.2 | 9.00 | 92.00 | 101.00 | OK | |
r-oldrel-macos-arm64 | 1.2 | 46.00 | OK | |||
r-oldrel-macos-x86_64 | 1.2 | 77.00 | OK | |||
r-oldrel-windows-x86_64 | 1.2 | 11.00 | 102.00 | 113.00 | OK |
Version: 1.2
Check: re-building of vignette outputs
Result: WARN
Error(s) in re-building vignettes:
--- re-building ‘seqDesignInstructions.Rnw’ using knitr
Error: processing vignette 'seqDesignInstructions.Rnw' failed with diagnostics:
Running 'texi2dvi' on 'seqDesignInstructions.tex' failed.
LaTeX errors:
! Undefined control sequence.
l.85 \hldef
{N.pla} \hlkwb{<-} \hlnum{1900}
?
! Emergency stop.
! Emergency stop.
l.85
End of file on the terminal!
! ==> Fatal error occurred, no output PDF file produced!
--- failed re-building ‘seqDesignInstructions.Rnw’
--- re-building ‘seqDesignReportTemplate.pdf.asis’ using asis
--- finished re-building ‘seqDesignReportTemplate.pdf.asis’
SUMMARY: processing the following file failed:
‘seqDesignInstructions.Rnw’
Error: Vignette re-building failed.
Execution halted
Flavor: r-release-macos-x86_64