CRAN Package Check Results for Package seqmon

Last updated on 2025-11-02 23:49:52 CET.

Flavor Version Tinstall Tcheck Ttotal Status Flags
r-devel-linux-x86_64-debian-clang 2.5 3.62 39.76 43.38 NOTE
r-devel-linux-x86_64-debian-gcc 2.5 2.77 30.20 32.97 NOTE
r-devel-linux-x86_64-fedora-clang 2.5 69.45 OK
r-devel-linux-x86_64-fedora-gcc 2.5 68.55 OK
r-devel-windows-x86_64 2.5 4.00 87.00 91.00 OK
r-patched-linux-x86_64 2.5 3.60 39.34 42.94 OK
r-release-linux-x86_64 2.5 3.47 39.71 43.18 OK
r-release-macos-arm64 2.5 2.00 26.00 28.00 OK
r-release-macos-x86_64 2.5 4.00 53.00 57.00 OK
r-release-windows-x86_64 2.5 4.00 86.00 90.00 OK
r-oldrel-macos-arm64 2.5 2.00 23.00 25.00 OK
r-oldrel-macos-x86_64 2.5 4.00 37.00 41.00 OK
r-oldrel-windows-x86_64 2.5 5.00 107.00 112.00 OK

Check Details

Version: 2.5
Check: CRAN incoming feasibility
Result: NOTE Maintainer: ‘Hui Zheng <hzheng1@mgh.harvard.edu>’ No Authors@R field in DESCRIPTION. Please add one, modifying Authors@R: c(person(given = c("David", "A"), family = "Schoenfeld", role = "aut"), person(given = "Hui", family = "Zheng", role = c("aut", "cre"), email = "hzheng1@mgh.harvard.edu")) as necessary. Flavors: r-devel-linux-x86_64-debian-clang, r-devel-linux-x86_64-debian-gcc

mirror server hosted at Truenetwork, Russian Federation.