Last updated on 2025-11-04 05:51:25 CET.
| Flavor | Version | Tinstall | Tcheck | Ttotal | Status | Flags | 
|---|---|---|---|---|---|---|
| r-devel-linux-x86_64-debian-clang | 1.2 | 2.04 | 20.56 | 22.60 | NOTE | |
| r-devel-linux-x86_64-debian-gcc | 1.2 | 1.59 | 16.76 | 18.35 | NOTE | |
| r-devel-linux-x86_64-fedora-clang | 1.2 | 33.76 | OK | |||
| r-devel-linux-x86_64-fedora-gcc | 1.2 | 32.12 | OK | |||
| r-devel-windows-x86_64 | 1.2 | 4.00 | 39.00 | 43.00 | OK | |
| r-patched-linux-x86_64 | 1.2 | 1.58 | 19.44 | 21.02 | OK | |
| r-release-linux-x86_64 | 1.2 | 2.00 | 19.56 | 21.56 | OK | |
| r-release-macos-arm64 | 1.2 | 1.00 | 15.00 | 16.00 | OK | |
| r-release-macos-x86_64 | 1.2 | 2.00 | 23.00 | 25.00 | OK | |
| r-release-windows-x86_64 | 1.2 | 4.00 | 39.00 | 43.00 | OK | |
| r-oldrel-macos-arm64 | 1.2 | 1.00 | 13.00 | 14.00 | NOTE | |
| r-oldrel-macos-x86_64 | 1.2 | 2.00 | 21.00 | 23.00 | NOTE | |
| r-oldrel-windows-x86_64 | 1.2 | 5.00 | 46.00 | 51.00 | NOTE | 
Version: 1.2
Check: CRAN incoming feasibility
Result: NOTE
  Maintainer: ‘Zhi Jin <nalanchongxuan@163.com>’
  
  No Authors@R field in DESCRIPTION.
  Please add one, modifying
    Authors@R: c(person(given = "Zhi",
                        family = "Jin",
                        role = c("aut", "cre"),
                        email = "nalanchongxuan@163.com"),
                 person(given = "Jing",
                        family = "Zhang",
                        role = "aut"))
  as necessary.
Flavors: r-devel-linux-x86_64-debian-clang, r-devel-linux-x86_64-debian-gcc
Version: 1.2
Check: LazyData
Result: NOTE
    'LazyData' is specified without a 'data' directory
Flavors: r-oldrel-macos-arm64, r-oldrel-macos-x86_64, r-oldrel-windows-x86_64