CRAN Package Check Results for Package set

Last updated on 2025-05-17 06:51:19 CEST.

Flavor Version Tinstall Tcheck Ttotal Status Flags
r-devel-linux-x86_64-debian-clang 1.2 2.00 18.78 20.78 NOTE
r-devel-linux-x86_64-debian-gcc 1.2 1.55 15.91 17.46 NOTE
r-devel-linux-x86_64-fedora-clang 1.2 33.28 OK
r-devel-linux-x86_64-fedora-gcc 1.2 31.48 OK
r-devel-windows-x86_64 1.2 5.00 40.00 45.00 OK
r-patched-linux-x86_64 1.2 1.98 18.22 20.20 OK
r-release-linux-x86_64 1.2 1.67 18.26 19.93 OK
r-release-macos-arm64 1.2 16.00 OK
r-release-macos-x86_64 1.2 25.00 OK
r-release-windows-x86_64 1.2 4.00 42.00 46.00 OK
r-oldrel-macos-arm64 1.2 14.00 NOTE
r-oldrel-macos-x86_64 1.2 23.00 NOTE
r-oldrel-windows-x86_64 1.2 4.00 46.00 50.00 NOTE

Check Details

Version: 1.2
Check: CRAN incoming feasibility
Result: NOTE Maintainer: ‘Zhi Jin <nalanchongxuan@163.com>’ No Authors@R field in DESCRIPTION. Please add one, modifying Authors@R: c(person(given = "Zhi", family = "Jin", role = c("aut", "cre"), email = "nalanchongxuan@163.com"), person(given = "Jing", family = "Zhang", role = "aut")) as necessary. Flavors: r-devel-linux-x86_64-debian-clang, r-devel-linux-x86_64-debian-gcc

Version: 1.2
Check: LazyData
Result: NOTE 'LazyData' is specified without a 'data' directory Flavors: r-oldrel-macos-arm64, r-oldrel-macos-x86_64, r-oldrel-windows-x86_64

mirror server hosted at Truenetwork, Russian Federation.