CRAN Package Check Results for Package sfadv

Last updated on 2025-07-12 18:49:53 CEST.

Flavor Version Tinstall Tcheck Ttotal Status Flags
r-devel-linux-x86_64-debian-clang 1.0.1 2.27 25.89 28.16 NOTE
r-devel-linux-x86_64-debian-gcc 1.0.1 1.65 21.53 23.18 NOTE
r-devel-linux-x86_64-fedora-clang 1.0.1 44.43 OK
r-devel-linux-x86_64-fedora-gcc 1.0.1 41.60 OK
r-devel-windows-x86_64 1.0.1 4.00 53.00 57.00 OK
r-patched-linux-x86_64 1.0.1 2.52 24.85 27.37 OK
r-release-linux-x86_64 1.0.1 2.24 25.10 27.34 OK
r-release-macos-arm64 1.0.1 20.00 OK
r-release-macos-x86_64 1.0.1 43.00 OK
r-release-windows-x86_64 1.0.1 4.00 54.00 58.00 OK
r-oldrel-macos-arm64 1.0.1 18.00 OK
r-oldrel-macos-x86_64 1.0.1 33.00 OK
r-oldrel-windows-x86_64 1.0.1 4.00 55.00 59.00 OK

Check Details

Version: 1.0.1
Check: CRAN incoming feasibility
Result: NOTE Maintainer: ‘Yann Desjeux <yann.desjeux@inra.fr>’ Package CITATION file contains call(s) to old-style personList() or as.personList(). Please use c() on person objects instead. Found the following URLs which should use \doi (with the DOI name only): File ‘sfaendog.Rd’: https://doi.org/10.1016/0304-4076(87)90015-7 https://doi.org/10.1093/ajae/aaw077 Flavors: r-devel-linux-x86_64-debian-clang, r-devel-linux-x86_64-debian-gcc

mirror server hosted at Truenetwork, Russian Federation.