Last updated on 2024-06-29 12:48:31 CEST.
Flavor | Version | Tinstall | Tcheck | Ttotal | Status | Flags |
---|---|---|---|---|---|---|
r-devel-linux-x86_64-debian-clang | 0.2-0 | 4.77 | 79.23 | 84.00 | NOTE | |
r-devel-linux-x86_64-debian-gcc | 0.2-0 | 3.49 | 56.80 | 60.29 | NOTE | |
r-devel-linux-x86_64-fedora-clang | 0.2-0 | 104.23 | NOTE | |||
r-devel-linux-x86_64-fedora-gcc | 0.2-0 | 108.43 | NOTE | |||
r-devel-windows-x86_64 | 0.2-0 | 5.00 | 81.00 | 86.00 | NOTE | |
r-patched-linux-x86_64 | 0.2-0 | 9.12 | 75.98 | 85.10 | NOTE | |
r-release-linux-x86_64 | 0.2-0 | 5.30 | 76.48 | 81.78 | NOTE | |
r-release-macos-arm64 | 0.2-0 | 33.00 | NOTE | |||
r-release-macos-x86_64 | 0.2-0 | 63.00 | NOTE | |||
r-release-windows-x86_64 | 0.2-0 | 5.00 | 80.00 | 85.00 | NOTE | |
r-oldrel-macos-arm64 | 0.2-0 | 38.00 | OK | |||
r-oldrel-macos-x86_64 | 0.2-0 | 69.00 | OK | |||
r-oldrel-windows-x86_64 | 0.2-0 | 7.00 | 91.00 | 98.00 | OK |
Version: 0.2-0
Check: Rd files
Result: NOTE
checkRd: (-1) st_as_sftime.Rd:71: Lost braces
71 | remove these columns from code{data.frame}?}
| ^
Flavors: r-devel-linux-x86_64-debian-clang, r-devel-linux-x86_64-debian-gcc, r-devel-linux-x86_64-fedora-clang, r-devel-linux-x86_64-fedora-gcc, r-devel-windows-x86_64, r-patched-linux-x86_64, r-release-linux-x86_64, r-release-macos-arm64, r-release-macos-x86_64, r-release-windows-x86_64
Version: 0.2-0
Check: Rd cross-references
Result: NOTE
Undeclared package ‘vctrs’ in Rd xrefs
Flavor: r-devel-linux-x86_64-fedora-clang
Version: 0.2-0
Check: package dependencies
Result: NOTE
Package suggested but not available for checking: ‘rmarkdown’
Flavor: r-release-macos-x86_64