CRAN Package Check Results for Package shattering

Last updated on 2025-07-13 00:48:40 CEST.

Flavor Version Tinstall Tcheck Ttotal Status Flags
r-devel-linux-x86_64-debian-clang 1.0.7 2.49 26.20 28.69 NOTE
r-devel-linux-x86_64-debian-gcc 1.0.7 2.10 21.10 23.20 NOTE
r-devel-linux-x86_64-fedora-clang 1.0.7 45.36 OK
r-devel-linux-x86_64-fedora-gcc 1.0.7 41.64 OK
r-devel-windows-x86_64 1.0.7 4.00 49.00 53.00 OK
r-patched-linux-x86_64 1.0.7 2.09 24.35 26.44 OK
r-release-linux-x86_64 1.0.7 2.65 24.69 27.34 OK
r-release-macos-arm64 1.0.7 21.00 OK
r-release-macos-x86_64 1.0.7 31.00 OK
r-release-windows-x86_64 1.0.7 5.00 53.00 58.00 OK
r-oldrel-macos-arm64 1.0.7 18.00 OK
r-oldrel-macos-x86_64 1.0.7 28.00 OK
r-oldrel-windows-x86_64 1.0.7 6.00 57.00 63.00 OK

Check Details

Version: 1.0.7
Check: CRAN incoming feasibility
Result: NOTE Maintainer: ‘Rodrigo F. de Mello <mellorf@gmail.com>’ The Description field contains Coefficient of Supervised Learning Algorithms" <arXiv:1911.05461>; de Please refer to arXiv e-prints via their arXiv DOI <doi:10.48550/arXiv.YYMM.NNNNN>. Flavors: r-devel-linux-x86_64-debian-clang, r-devel-linux-x86_64-debian-gcc

mirror server hosted at Truenetwork, Russian Federation.