Last updated on 2025-11-24 05:50:38 CET.
| Flavor | Version | Tinstall | Tcheck | Ttotal | Status | Flags |
|---|---|---|---|---|---|---|
| r-devel-linux-x86_64-debian-clang | 1.5 | 2.77 | 33.35 | 36.12 | NOTE | |
| r-devel-linux-x86_64-debian-gcc | 1.5 | 2.13 | 26.05 | 28.18 | NOTE | |
| r-devel-linux-x86_64-fedora-clang | 1.5 | 55.92 | NOTE | |||
| r-devel-linux-x86_64-fedora-gcc | 1.5 | 70.90 | NOTE | |||
| r-devel-windows-x86_64 | 1.5 | 9.00 | 60.00 | 69.00 | NOTE | |
| r-patched-linux-x86_64 | 1.5 | 2.89 | 31.38 | 34.27 | NOTE | |
| r-release-linux-x86_64 | 1.5 | 2.56 | 31.43 | 33.99 | NOTE | |
| r-release-macos-arm64 | 1.5 | NOTE | ||||
| r-release-macos-x86_64 | 1.5 | 4.00 | 54.00 | 58.00 | NOTE | |
| r-release-windows-x86_64 | 1.5 | 6.00 | 62.00 | 68.00 | NOTE | |
| r-oldrel-macos-arm64 | 1.5 | NOTE | ||||
| r-oldrel-macos-x86_64 | 1.5 | 4.00 | 45.00 | 49.00 | NOTE | |
| r-oldrel-windows-x86_64 | 1.5 | 5.00 | 71.00 | 76.00 | NOTE |
Version: 1.5
Check: Rd files
Result: NOTE
checkRd: (-1) shiftrPrepare.Rd:37: Lost braces
37 | See code{\link{shiftrPermBinary}} function and the respective example.
| ^
Flavors: r-devel-linux-x86_64-debian-clang, r-devel-linux-x86_64-debian-gcc, r-devel-linux-x86_64-fedora-clang, r-devel-linux-x86_64-fedora-gcc, r-devel-windows-x86_64, r-patched-linux-x86_64, r-release-linux-x86_64, r-release-macos-arm64, r-release-macos-x86_64, r-release-windows-x86_64, r-oldrel-macos-arm64, r-oldrel-macos-x86_64, r-oldrel-windows-x86_64