CRAN Package Check Results for Package shinyDatetimePickers

Last updated on 2025-11-24 11:50:19 CET.

Flavor Version Tinstall Tcheck Ttotal Status Flags
r-devel-linux-x86_64-debian-clang 1.2.0 3.95 38.94 42.89 OK
r-devel-linux-x86_64-debian-gcc 1.2.0 3.76 29.86 33.62 OK
r-devel-linux-x86_64-fedora-clang 1.2.0 65.21 OK
r-devel-linux-x86_64-fedora-gcc 1.2.0 12.00 50.00 62.00 OK
r-devel-windows-x86_64 1.2.0 10.00 52.00 62.00 OK
r-patched-linux-x86_64 1.2.0 4.26 36.80 41.06 OK
r-release-linux-x86_64 1.2.0 3.97 36.67 40.64 OK
r-release-macos-arm64 1.2.0 OK
r-release-macos-x86_64 1.2.0 3.00 36.00 39.00 OK
r-release-windows-x86_64 1.2.0 7.00 59.00 66.00 OK
r-oldrel-macos-arm64 1.2.0 NOTE
r-oldrel-macos-x86_64 1.2.0 3.00 31.00 34.00 NOTE
r-oldrel-windows-x86_64 1.2.0 10.00 63.00 73.00 NOTE

Check Details

Version: 1.2.0
Check: installed package size
Result: NOTE installed size is 7.7Mb sub-directories of 1Mb or more: www 7.6Mb Flavors: r-oldrel-macos-arm64, r-oldrel-macos-x86_64, r-oldrel-windows-x86_64

mirror server hosted at Truenetwork, Russian Federation.