CRAN Package Check Results for Package shinyGizmo

Last updated on 2025-05-11 12:50:34 CEST.

Flavor Version Tinstall Tcheck Ttotal Status Flags
r-devel-linux-x86_64-debian-clang 0.4.2 3.96 34.17 38.13 NOTE
r-devel-linux-x86_64-debian-gcc 0.4.2 2.30 25.96 28.26 NOTE
r-devel-linux-x86_64-fedora-clang 0.4.2 62.24 NOTE
r-devel-linux-x86_64-fedora-gcc 0.4.2 55.79 NOTE
r-devel-windows-x86_64 0.4.2 5.00 56.00 61.00 NOTE
r-patched-linux-x86_64 0.4.2 3.37 32.70 36.07 NOTE
r-release-linux-x86_64 0.4.2 3.71 32.60 36.31 NOTE
r-release-macos-arm64 0.4.2 19.00 NOTE
r-release-macos-x86_64 0.4.2 35.00 NOTE
r-release-windows-x86_64 0.4.2 5.00 57.00 62.00 NOTE
r-oldrel-macos-arm64 0.4.2 21.00 NOTE
r-oldrel-macos-x86_64 0.4.2 33.00 NOTE
r-oldrel-windows-x86_64 0.4.2 7.00 65.00 72.00 NOTE

Check Details

Version: 0.4.2
Check: Rd files
Result: NOTE checkRd: (-1) js_calls.Rd:63: Lost braces in \itemize; meant \describe ? checkRd: (-1) js_calls.Rd:64: Lost braces in \itemize; meant \describe ? checkRd: (-1) js_calls.Rd:65-66: Lost braces in \itemize; meant \describe ? checkRd: (-1) js_calls.Rd:67: Lost braces in \itemize; meant \describe ? checkRd: (-1) js_calls.Rd:68: Lost braces in \itemize; meant \describe ? checkRd: (-1) js_calls.Rd:69: Lost braces in \itemize; meant \describe ? checkRd: (-1) pickCheckboxNamesAndLabels.Rd:14: Lost braces 14 | \item{choices}{link{pickCheckboxInput} choices list.} | ^ Flavors: r-devel-linux-x86_64-debian-clang, r-devel-linux-x86_64-debian-gcc, r-devel-linux-x86_64-fedora-clang, r-devel-linux-x86_64-fedora-gcc, r-devel-windows-x86_64, r-patched-linux-x86_64, r-release-linux-x86_64, r-release-macos-arm64, r-release-macos-x86_64, r-release-windows-x86_64, r-oldrel-macos-arm64, r-oldrel-macos-x86_64, r-oldrel-windows-x86_64

mirror server hosted at Truenetwork, Russian Federation.