CRAN Package Check Results for Package shinyMobile

Last updated on 2025-05-12 06:50:30 CEST.

Flavor Version Tinstall Tcheck Ttotal Status Flags
r-devel-linux-x86_64-debian-clang 2.0.1 7.89 101.94 109.83 NOTE
r-devel-linux-x86_64-debian-gcc 2.0.1 5.23 75.22 80.45 NOTE
r-devel-linux-x86_64-fedora-clang 2.0.1 168.80 NOTE
r-devel-linux-x86_64-fedora-gcc 2.0.1 175.76 NOTE
r-devel-windows-x86_64 2.0.1 9.00 143.00 152.00 NOTE
r-patched-linux-x86_64 2.0.1 8.77 95.09 103.86 NOTE
r-release-linux-x86_64 2.0.1 7.57 94.51 102.08 NOTE
r-release-macos-arm64 2.0.1 114.00 NOTE
r-release-macos-x86_64 2.0.1 136.00 NOTE
r-release-windows-x86_64 2.0.1 10.00 138.00 148.00 NOTE
r-oldrel-macos-arm64 2.0.1 64.00 OK
r-oldrel-macos-x86_64 2.0.1 99.00 OK
r-oldrel-windows-x86_64 2.0.1 13.00 161.00 174.00 OK

Check Details

Version: 2.0.1
Check: DESCRIPTION meta-information
Result: NOTE Missing dependency on R >= 4.1.0 because package code uses the pipe |> or function shorthand \(...) syntax added in R 4.1.0. File(s) using such syntax: ‘fabs.Rd’ Flavors: r-devel-linux-x86_64-debian-clang, r-devel-linux-x86_64-debian-gcc, r-devel-linux-x86_64-fedora-clang, r-devel-linux-x86_64-fedora-gcc, r-devel-windows-x86_64, r-patched-linux-x86_64, r-release-linux-x86_64, r-release-macos-arm64, r-release-macos-x86_64, r-release-windows-x86_64

mirror server hosted at Truenetwork, Russian Federation.