CRAN Package Check Results for Package shinyPredict

Last updated on 2025-07-12 12:48:41 CEST.

Flavor Version Tinstall Tcheck Ttotal Status Flags
r-devel-linux-x86_64-debian-clang 0.1.1 1.77 17.62 19.39 NOTE
r-devel-linux-x86_64-debian-gcc 0.1.1 1.46 14.90 16.36 NOTE
r-devel-linux-x86_64-fedora-clang 0.1.1 30.94 OK
r-devel-linux-x86_64-fedora-gcc 0.1.1 29.91 OK
r-devel-windows-x86_64 0.1.1 3.00 37.00 40.00 OK
r-patched-linux-x86_64 0.1.1 1.69 16.40 18.09 OK
r-release-linux-x86_64 0.1.1 1.73 16.45 18.18 OK
r-release-macos-arm64 0.1.1 15.00 OK
r-release-macos-x86_64 0.1.1 22.00 OK
r-release-windows-x86_64 0.1.1 4.00 39.00 43.00 OK
r-oldrel-macos-arm64 0.1.1 15.00 NOTE
r-oldrel-macos-x86_64 0.1.1 20.00 NOTE
r-oldrel-windows-x86_64 0.1.1 3.00 42.00 45.00 NOTE

Check Details

Version: 0.1.1
Check: CRAN incoming feasibility
Result: NOTE Maintainer: ‘Jari Haukka <jari.haukka@helsinki.fi>’ No Authors@R field in DESCRIPTION. Please add one, modifying Authors@R: person(given = "Jari", family = "Haukka", role = c("aut", "cre"), email = "jari.haukka@helsinki.fi") as necessary. Flavors: r-devel-linux-x86_64-debian-clang, r-devel-linux-x86_64-debian-gcc

Version: 0.1.1
Check: LazyData
Result: NOTE 'LazyData' is specified without a 'data' directory Flavors: r-oldrel-macos-arm64, r-oldrel-macos-x86_64, r-oldrel-windows-x86_64

mirror server hosted at Truenetwork, Russian Federation.