CRAN Package Check Results for Package shinycustomloader

Last updated on 2025-11-24 11:50:19 CET.

Flavor Version Tinstall Tcheck Ttotal Status Flags
r-devel-linux-x86_64-debian-clang 0.9.0 2.43 33.25 35.68 NOTE
r-devel-linux-x86_64-debian-gcc 0.9.0 2.23 25.46 27.69 NOTE
r-devel-linux-x86_64-fedora-clang 0.9.0 53.40 OK
r-devel-linux-x86_64-fedora-gcc 0.9.0 49.51 OK
r-devel-windows-x86_64 0.9.0 6.00 54.00 60.00 OK
r-patched-linux-x86_64 0.9.0 2.49 31.31 33.80 OK
r-release-linux-x86_64 0.9.0 2.57 31.52 34.09 OK
r-release-macos-arm64 0.9.0 OK
r-release-macos-x86_64 0.9.0 3.00 45.00 48.00 OK
r-release-windows-x86_64 0.9.0 5.00 75.00 80.00 OK
r-oldrel-macos-arm64 0.9.0 NOTE
r-oldrel-macos-x86_64 0.9.0 4.00 29.00 33.00 NOTE
r-oldrel-windows-x86_64 0.9.0 5.00 60.00 65.00 NOTE

Check Details

Version: 0.9.0
Check: CRAN incoming feasibility
Result: NOTE Maintainer: ‘Emi Tanaka <emi.tanaka@sydney.edu.au>’ No Authors@R field in DESCRIPTION. Please add one, modifying Authors@R: c(person(given = "Emi", family = "Tanaka", role = c("aut", "cre"), email = "emi.tanaka@sydney.edu.au"), person(family = "Niichan", role = "aut")) as necessary. Flavors: r-devel-linux-x86_64-debian-clang, r-devel-linux-x86_64-debian-gcc

Version: 0.9.0
Check: LazyData
Result: NOTE 'LazyData' is specified without a 'data' directory Flavors: r-oldrel-macos-arm64, r-oldrel-macos-x86_64, r-oldrel-windows-x86_64

mirror server hosted at Truenetwork, Russian Federation.