CRAN Package Check Results for Package shinyfullscreen

Last updated on 2025-02-22 05:51:51 CET.

Flavor Version Tinstall Tcheck Ttotal Status Flags
r-devel-linux-x86_64-debian-clang 1.1.0 2.31 31.36 33.67 OK
r-devel-linux-x86_64-debian-gcc 1.1.0 1.96 23.50 25.46 OK
r-devel-linux-x86_64-fedora-clang 1.1.0 55.76 OK
r-devel-linux-x86_64-fedora-gcc 1.1.0 51.86 OK
r-devel-macos-arm64 1.1.0 23.00 OK
r-devel-macos-x86_64 1.1.0 32.00 OK
r-devel-windows-x86_64 1.1.0 5.00 52.00 57.00 OK
r-patched-linux-x86_64 1.1.0 2.29 29.81 32.10 NOTE
r-release-linux-x86_64 1.1.0 2.43 29.54 31.97 NOTE
r-release-macos-arm64 1.1.0 20.00 NOTE
r-release-macos-x86_64 1.1.0 29.00 NOTE
r-release-windows-x86_64 1.1.0 5.00 52.00 57.00 NOTE
r-oldrel-macos-arm64 1.1.0 20.00 NOTE
r-oldrel-macos-x86_64 1.1.0 29.00 NOTE
r-oldrel-windows-x86_64 1.1.0 6.00 56.00 62.00 NOTE

Check Details

Version: 1.1.0
Check: LazyData
Result: NOTE 'LazyData' is specified without a 'data' directory Flavors: r-patched-linux-x86_64, r-release-linux-x86_64, r-release-macos-arm64, r-release-macos-x86_64, r-release-windows-x86_64, r-oldrel-macos-arm64, r-oldrel-macos-x86_64, r-oldrel-windows-x86_64

mirror server hosted at Truenetwork, Russian Federation.