CRAN Package Check Results for Package shinypanel

Last updated on 2025-11-03 11:49:53 CET.

Flavor Version Tinstall Tcheck Ttotal Status Flags
r-devel-linux-x86_64-debian-clang 0.1.5 3.35 32.95 36.30 NOTE
r-devel-linux-x86_64-debian-gcc 0.1.5 2.59 26.13 28.72 NOTE
r-devel-linux-x86_64-fedora-clang 0.1.5 53.66 OK
r-devel-linux-x86_64-fedora-gcc 0.1.5 50.15 OK
r-devel-windows-x86_64 0.1.5 6.00 49.00 55.00 OK
r-patched-linux-x86_64 0.1.5 3.80 30.48 34.28 OK
r-release-linux-x86_64 0.1.5 3.06 30.31 33.37 OK
r-release-macos-arm64 0.1.5 2.00 20.00 22.00 OK
r-release-macos-x86_64 0.1.5 3.00 40.00 43.00 OK
r-release-windows-x86_64 0.1.5 7.00 48.00 55.00 OK
r-oldrel-macos-arm64 0.1.5 2.00 18.00 20.00 OK
r-oldrel-macos-x86_64 0.1.5 3.00 25.00 28.00 OK
r-oldrel-windows-x86_64 0.1.5 7.00 56.00 63.00 OK

Check Details

Version: 0.1.5
Check: CRAN incoming feasibility
Result: NOTE Maintainer: ‘Alex Pickering <alexvpickering@gmail.com>’ No Authors@R field in DESCRIPTION. Please add one, modifying Authors@R: person(given = "Alex", family = "Pickering", role = c("aut", "cre"), email = "alexvpickering@gmail.com") as necessary. Flavors: r-devel-linux-x86_64-debian-clang, r-devel-linux-x86_64-debian-gcc

mirror server hosted at Truenetwork, Russian Federation.